CRAN Package Check Results for Package FastGP

Last updated on 2020-02-15 01:01:24 CET.

Flavor Version Tinstall Tcheck Ttotal Status Flags
r-devel-linux-x86_64-debian-clang 1.2 45.03 27.72 72.75 OK
r-devel-linux-x86_64-debian-gcc 1.2 29.75 22.31 52.06 OK
r-devel-linux-x86_64-fedora-clang 1.2 102.27 NOTE
r-devel-linux-x86_64-fedora-gcc 1.2 93.96 NOTE
r-devel-windows-ix86+x86_64 1.2 84.00 64.00 148.00 OK
r-devel-windows-ix86+x86_64-gcc8 1.2 124.00 87.00 211.00 OK
r-patched-linux-x86_64 1.2 33.24 26.05 59.29 OK
r-patched-solaris-x86 1.2 85.50 OK
r-release-linux-x86_64 1.2 34.04 25.89 59.93 OK
r-release-windows-ix86+x86_64 1.2 73.00 59.00 132.00 OK
r-release-osx-x86_64 1.2 NOTE
r-oldrel-windows-ix86+x86_64 1.2 54.00 75.00 129.00 OK
r-oldrel-osx-x86_64 1.2 NOTE

Check Details

Version: 1.2
Check: installed package size
Result: NOTE
     installed size is 6.3Mb
     sub-directories of 1Mb or more:
     libs 5.9Mb
Flavors: r-devel-linux-x86_64-fedora-clang, r-release-osx-x86_64, r-oldrel-osx-x86_64

Version: 1.2
Check: compiled code
Result: NOTE
    File ‘FastGP/libs/FastGP.so’:
     Found no calls to: ‘R_registerRoutines’, ‘R_useDynamicSymbols’
    
    It is good practice to register native routines and to disable symbol
    search.
    
    See ‘Writing portable packages’ in the ‘Writing R Extensions’ manual.
Flavors: r-devel-linux-x86_64-fedora-clang, r-devel-linux-x86_64-fedora-gcc