CRAN Package Check Results for Package FastPCS

Last updated on 2020-02-15 01:01:24 CET.

Flavor Version Tinstall Tcheck Ttotal Status Flags
r-devel-linux-x86_64-debian-clang 0.1.3 22.01 19.32 41.33 OK
r-devel-linux-x86_64-debian-gcc 0.1.3 17.29 16.36 33.65 OK
r-devel-linux-x86_64-fedora-clang 0.1.3 60.03 NOTE
r-devel-linux-x86_64-fedora-gcc 0.1.3 60.04 OK
r-devel-windows-ix86+x86_64 0.1.3 36.00 51.00 87.00 OK
r-devel-windows-ix86+x86_64-gcc8 0.1.3 48.00 74.00 122.00 OK
r-patched-linux-x86_64 0.1.3 19.19 18.74 37.93 OK
r-patched-solaris-x86 0.1.3 55.80 OK
r-release-linux-x86_64 0.1.3 22.56 19.21 41.77 OK
r-release-windows-ix86+x86_64 0.1.3 31.00 47.00 78.00 OK
r-release-osx-x86_64 0.1.3 NOTE
r-oldrel-windows-ix86+x86_64 0.1.3 31.00 45.00 76.00 OK
r-oldrel-osx-x86_64 0.1.3 NOTE

Check Details

Version: 0.1.3
Check: installed package size
Result: NOTE
     installed size is 8.5Mb
     sub-directories of 1Mb or more:
     libs 8.3Mb
Flavors: r-devel-linux-x86_64-fedora-clang, r-release-osx-x86_64, r-oldrel-osx-x86_64