CRAN Package Check Results for Package FcircSEC

Last updated on 2020-02-15 01:01:24 CET.

Flavor Version Tinstall Tcheck Ttotal Status Flags
r-devel-linux-x86_64-debian-clang 1.0.0 13.43 107.31 120.74 OK
r-devel-linux-x86_64-debian-gcc 1.0.0 11.37 81.40 92.77 OK
r-devel-linux-x86_64-fedora-clang 1.0.0 148.14 OK
r-devel-linux-x86_64-fedora-gcc 1.0.0 143.90 OK
r-devel-windows-ix86+x86_64 1.0.0 23.00 116.00 139.00 OK
r-patched-linux-x86_64 1.0.0 10.74 93.20 103.94 OK
r-patched-solaris-x86 1.0.0 195.10 OK
r-release-linux-x86_64 1.0.0 10.92 93.08 104.00 OK
r-release-windows-ix86+x86_64 1.0.0 25.00 104.00 129.00 OK
r-release-osx-x86_64 1.0.0 WARN
r-oldrel-osx-x86_64 1.0.0 ERROR

Check Details

Version: 1.0.0
Check: whether package can be installed
Result: WARN
    Found the following significant warnings:
     Warning: package ‘S4Vectors’ was built under R version 3.6.1
     Warning: package ‘IRanges’ was built under R version 3.6.1
Flavor: r-release-osx-x86_64

Version: 1.0.0
Check: whether package can be installed
Result: ERROR
    Installation failed.
Flavor: r-oldrel-osx-x86_64