CRAN Package Check Results for Package FlickrAPI

Last updated on 2020-02-15 01:01:24 CET.

Flavor Version Tinstall Tcheck Ttotal Status Flags
r-devel-linux-x86_64-debian-clang 0.1.0.0 2.62 28.06 30.68 NOTE
r-devel-linux-x86_64-debian-gcc 0.1.0.0 2.26 22.75 25.01 NOTE
r-devel-linux-x86_64-fedora-clang 0.1.0.0 39.70 NOTE
r-devel-linux-x86_64-fedora-gcc 0.1.0.0 37.41 NOTE
r-devel-windows-ix86+x86_64 0.1.0.0 6.00 45.00 51.00 NOTE
r-devel-windows-ix86+x86_64-gcc8 0.1.0.0 10.00 59.00 69.00 NOTE
r-patched-linux-x86_64 0.1.0.0 1.69 25.57 27.26 OK
r-patched-solaris-x86 0.1.0.0 58.00 NOTE
r-release-linux-x86_64 0.1.0.0 2.08 25.22 27.30 OK
r-release-windows-ix86+x86_64 0.1.0.0 5.00 35.00 40.00 OK
r-release-osx-x86_64 0.1.0.0 NOTE
r-oldrel-windows-ix86+x86_64 0.1.0.0 3.00 50.00 53.00 OK
r-oldrel-osx-x86_64 0.1.0.0 NOTE

Check Details

Version: 0.1.0.0
Check: package vignettes
Result: NOTE
    Package vignette with placeholder title 'Vignette Title':
     'introduction.Rmd'
Flavors: r-devel-linux-x86_64-debian-clang, r-devel-linux-x86_64-debian-gcc, r-devel-windows-ix86+x86_64, r-devel-windows-ix86+x86_64-gcc8

Version: 0.1.0.0
Check: dependencies in R code
Result: NOTE
    Namespace in Imports field not imported from: ‘magrittr’
     All declared Imports should be used.
Flavors: r-devel-linux-x86_64-fedora-clang, r-devel-linux-x86_64-fedora-gcc, r-patched-solaris-x86, r-release-osx-x86_64, r-oldrel-osx-x86_64