Last updated on 2020-02-15 01:01:25 CET.
Flavor | Version | Tinstall | Tcheck | Ttotal | Status | Flags |
---|---|---|---|---|---|---|
r-devel-linux-x86_64-debian-clang | 0.1-5 | 15.77 | 156.38 | 172.15 | OK | |
r-devel-linux-x86_64-debian-gcc | 0.1-5 | 14.11 | 116.36 | 130.47 | OK | |
r-devel-linux-x86_64-fedora-clang | 0.1-5 | 205.51 | OK | |||
r-devel-linux-x86_64-fedora-gcc | 0.1-5 | 205.88 | OK | |||
r-devel-windows-ix86+x86_64 | 0.1-4 | 32.00 | 167.00 | 199.00 | OK | |
r-devel-windows-ix86+x86_64-gcc8 | 0.1-4 | 50.00 | 203.00 | 253.00 | OK | |
r-patched-linux-x86_64 | 0.1-5 | 14.06 | 137.40 | 151.46 | OK | |
r-patched-solaris-x86 | 0.1-5 | 260.50 | OK | |||
r-release-linux-x86_64 | 0.1-5 | 15.24 | 136.66 | 151.90 | OK | |
r-release-windows-ix86+x86_64 | 0.1-4 | 29.00 | 150.00 | 179.00 | OK | |
r-release-osx-x86_64 | 0.1-5 | OK | ||||
r-oldrel-windows-ix86+x86_64 | 0.1-4 | 17.00 | 142.00 | 159.00 | WARN | |
r-oldrel-osx-x86_64 | 0.1-5 | OK |
Version: 0.1-4
Check: whether package can be installed
Result: WARN
Found the following significant warnings:
Warning: S3 methods '[.fun_list', '[.grouped_df', 'all.equal.tbl_df', 'anti_join.data.frame', 'anti_join.tbl_df', 'arrange.data.frame', 'arrange.default', 'arrange.grouped_df', 'arrange.tbl_df', 'arrange_.data.frame', 'arrange_.tbl_df', 'as.data.frame.grouped_df', 'as.data.frame.rowwise_df', 'as.data.frame.tbl_cube', 'as.table.tbl_cube', 'as.tbl.data.frame', 'as.tbl.tbl', 'as.tbl_cube.array', 'as.tbl_cube.data.frame', 'as.tbl_cube.matrix', 'as.tbl_cube.table', 'as_tibble.grouped_df', 'as_tibble.tbl_cube', 'auto_copy.tbl_cube', 'auto_copy.tbl_df', 'cbind.grouped_df', 'collapse.data.frame', 'collect.data.frame', 'common_by.NULL', 'common_by.character', 'common_by.default', 'common_by.list', 'compute.data.frame', 'copy_to.DBIConnection', 'copy_to.src_local', 'default_missing.data.frame', 'default_missing.default', 'dim.tbl_cube', 'distinct.data.frame', 'distinct.default', 'distinct.grouped_df', 'distinct.tbl_df', 'distinct_.data.frame', 'distinct_.grouped_df', 'distinct_.tbl_df', 'do.NULL', 'do.da [... truncated]
Flavor: r-oldrel-windows-ix86+x86_64