Last updated on 2020-02-15 01:01:26 CET.
Flavor | Version | Tinstall | Tcheck | Ttotal | Status | Flags |
---|---|---|---|---|---|---|
r-devel-linux-x86_64-debian-clang | 1.3 | 4.36 | 40.75 | 45.11 | NOTE | |
r-devel-linux-x86_64-debian-gcc | 1.3 | 2.73 | 30.14 | 32.87 | NOTE | |
r-devel-linux-x86_64-fedora-clang | 1.3 | 54.36 | NOTE | |||
r-devel-linux-x86_64-fedora-gcc | 1.3 | 50.74 | NOTE | |||
r-devel-windows-ix86+x86_64 | 1.3 | 7.00 | 50.00 | 57.00 | OK | |
r-devel-windows-ix86+x86_64-gcc8 | 1.3 | 9.00 | 62.00 | 71.00 | OK | |
r-patched-linux-x86_64 | 1.3 | 3.18 | 35.90 | 39.08 | OK | |
r-patched-solaris-x86 | 1.3 | 67.30 | OK | |||
r-release-linux-x86_64 | 1.3 | 2.85 | 36.31 | 39.16 | OK | |
r-release-windows-ix86+x86_64 | 1.3 | 6.00 | 45.00 | 51.00 | OK | |
r-release-osx-x86_64 | 1.3 | OK | ||||
r-oldrel-windows-ix86+x86_64 | 1.3 | 7.00 | 54.00 | 61.00 | OK | |
r-oldrel-osx-x86_64 | 1.3 | OK |
Version: 1.3
Check: for non-standard things in the check directory
Result: NOTE
Found the following files/directories:
'FMD mag discontinuities_disc.png' 'FMD mag
discontinuities_disc1.res' 'FMD mag discontinuities_disc2.res'
'IDYLLWILD_bvmed.png' 'IDYLLWILD_fig.png' 'Schuster's
diagram_schu.png' 'hour.res'
Flavors: r-devel-linux-x86_64-debian-clang, r-devel-linux-x86_64-debian-gcc, r-devel-linux-x86_64-fedora-clang, r-devel-linux-x86_64-fedora-gcc