CRAN Package Check Results for Package GmAMisc

Last updated on 2020-02-15 01:01:26 CET.

Flavor Version Tinstall Tcheck Ttotal Status Flags
r-devel-linux-x86_64-debian-clang 1.0.0 28.88 271.61 300.49 OK
r-devel-linux-x86_64-debian-gcc 1.0.0 23.44 207.76 231.20 OK
r-devel-linux-x86_64-fedora-clang 1.0.0 365.51 NOTE
r-devel-linux-x86_64-fedora-gcc 1.0.0 351.08 NOTE
r-devel-windows-ix86+x86_64 1.0.0 71.00 322.00 393.00 OK
r-devel-windows-ix86+x86_64-gcc8 1.0.0 101.00 408.00 509.00 OK
r-patched-linux-x86_64 1.0.0 23.68 235.95 259.63 OK
r-patched-solaris-x86 1.0.0 518.90 NOTE
r-release-linux-x86_64 1.0.0 25.12 235.93 261.05 OK
r-release-windows-ix86+x86_64 1.0.0 59.00 266.00 325.00 OK
r-release-osx-x86_64 1.0.0 NOTE
r-oldrel-windows-ix86+x86_64 1.0.0 29.00 254.00 283.00 OK
r-oldrel-osx-x86_64 1.0.0 NOTE

Check Details

Version: 1.0.0
Check: package dependencies
Result: NOTE
    Imports includes 25 non-default packages.
    Importing from so many packages makes the package vulnerable to any of
    them becoming unavailable. Move as many as possible to Suggests and
    use conditionally.
Flavor: r-devel-linux-x86_64-fedora-clang

Version: 1.0.0
Check: dependencies in R code
Result: NOTE
    Namespaces in Imports field not imported from:
     ‘rworldmap’ ‘shape’
     All declared Imports should be used.
Flavors: r-devel-linux-x86_64-fedora-clang, r-devel-linux-x86_64-fedora-gcc, r-patched-solaris-x86, r-release-osx-x86_64, r-oldrel-osx-x86_64