CRAN Package Check Results for Package Hmisc

Last updated on 2020-02-15 01:01:26 CET.

Flavor Version Tinstall Tcheck Ttotal Status Flags
r-devel-linux-x86_64-debian-clang 4.3-1 55.30 301.53 356.83 OK
r-devel-linux-x86_64-debian-gcc 4.3-1 43.48 223.21 266.69 OK
r-devel-linux-x86_64-fedora-clang 4.3-1 440.70 OK
r-devel-linux-x86_64-fedora-gcc 4.3-1 412.55 OK
r-devel-windows-ix86+x86_64 4.3-1 93.00 414.00 507.00 OK
r-devel-windows-ix86+x86_64-gcc8 4.3-0 121.00 496.00 617.00 OK
r-patched-linux-x86_64 4.3-1 42.99 264.56 307.55 OK
r-patched-solaris-x86 4.3-1 444.10 OK
r-release-linux-x86_64 4.3-1 45.32 262.98 308.30 OK
r-release-windows-ix86+x86_64 4.3-1 82.00 341.00 423.00 OK
r-release-osx-x86_64 4.3-1 OK
r-oldrel-windows-ix86+x86_64 4.3-1 96.00 7.00 103.00 ERROR
r-oldrel-osx-x86_64 4.3-1 OK

Check Details

Version: 4.3-1
Check: whether package can be installed
Result: ERROR
    Installation failed.
Flavor: r-oldrel-windows-ix86+x86_64