Last updated on 2020-02-15 01:01:28 CET.
Flavor | Version | Tinstall | Tcheck | Ttotal | Status | Flags |
---|---|---|---|---|---|---|
r-devel-linux-x86_64-debian-clang | 0.3.0 | 5.17 | 45.48 | 50.65 | OK | |
r-devel-linux-x86_64-debian-gcc | 0.3.0 | 3.83 | 34.50 | 38.33 | OK | |
r-devel-linux-x86_64-fedora-clang | 0.3.0 | 60.35 | WARN | |||
r-devel-linux-x86_64-fedora-gcc | 0.3.0 | 57.63 | NOTE | |||
r-devel-windows-ix86+x86_64 | 0.3.0 | 12.00 | 69.00 | 81.00 | OK | |
r-devel-windows-ix86+x86_64-gcc8 | 0.3.0 | 20.00 | 94.00 | 114.00 | OK | |
r-patched-linux-x86_64 | 0.3.0 | 4.48 | 39.81 | 44.29 | OK | |
r-patched-solaris-x86 | 0.3.0 | 79.50 | NOTE | |||
r-release-linux-x86_64 | 0.3.0 | 3.68 | 40.07 | 43.75 | OK | |
r-release-windows-ix86+x86_64 | 0.3.0 | 8.00 | 59.00 | 67.00 | OK | |
r-release-osx-x86_64 | 0.3.0 | NOTE | ||||
r-oldrel-windows-ix86+x86_64 | 0.3.0 | 5.00 | 52.00 | 57.00 | OK | |
r-oldrel-osx-x86_64 | 0.3.0 | NOTE |
Version: 0.3.0
Check: package dependencies
Result: WARN
Requires orphaned package: ‘tnet’
Flavor: r-devel-linux-x86_64-fedora-clang
Version: 0.3.0
Check: dependencies in R code
Result: NOTE
Namespace in Imports field not imported from: ‘comtradr’
All declared Imports should be used.
Flavors: r-devel-linux-x86_64-fedora-clang, r-devel-linux-x86_64-fedora-gcc, r-patched-solaris-x86, r-release-osx-x86_64, r-oldrel-osx-x86_64