Last updated on 2020-02-15 01:01:28 CET.
Flavor | Version | Tinstall | Tcheck | Ttotal | Status | Flags |
---|---|---|---|---|---|---|
r-devel-linux-x86_64-debian-clang | 0.3 | 4.04 | 35.67 | 39.71 | NOTE | |
r-devel-linux-x86_64-debian-gcc | 0.3 | 2.90 | 28.93 | 31.83 | NOTE | |
r-devel-linux-x86_64-fedora-clang | 0.3 | 48.21 | NOTE | |||
r-devel-linux-x86_64-fedora-gcc | 0.3 | 47.28 | NOTE | |||
r-devel-windows-ix86+x86_64 | 0.3 | 14.00 | 79.00 | 93.00 | NOTE | |
r-devel-windows-ix86+x86_64-gcc8 | 0.3 | 17.00 | 101.00 | 118.00 | NOTE | |
r-patched-linux-x86_64 | 0.3 | 3.33 | 32.44 | 35.77 | NOTE | |
r-patched-solaris-x86 | 0.3 | 79.40 | NOTE | |||
r-release-linux-x86_64 | 0.3 | 3.31 | 32.89 | 36.20 | NOTE | |
r-release-windows-ix86+x86_64 | 0.3 | 13.00 | 64.00 | 77.00 | NOTE | |
r-release-osx-x86_64 | 0.3 | NOTE | ||||
r-oldrel-windows-ix86+x86_64 | 0.3 | 7.00 | 99.00 | 106.00 | NOTE | |
r-oldrel-osx-x86_64 | 0.3 | NOTE |
Version: 0.3
Check: DESCRIPTION meta-information
Result: NOTE
Malformed Title field: should not end in a period.
Flavors: r-devel-linux-x86_64-debian-clang, r-devel-linux-x86_64-debian-gcc, r-devel-linux-x86_64-fedora-clang, r-devel-linux-x86_64-fedora-gcc, r-devel-windows-ix86+x86_64, r-devel-windows-ix86+x86_64-gcc8, r-patched-linux-x86_64, r-patched-solaris-x86, r-release-linux-x86_64, r-release-windows-ix86+x86_64, r-release-osx-x86_64, r-oldrel-windows-ix86+x86_64, r-oldrel-osx-x86_64
Version: 0.3
Check: R code for possible problems
Result: NOTE
KappaV: no visible global function definition for 'over'
KappaV: no visible global function definition for 'layout'
KappaV: no visible global function definition for 'terrain.colors'
KappaV: no visible global function definition for 'as'
Undefined global functions or variables:
as layout over terrain.colors
Consider adding
importFrom("grDevices", "terrain.colors")
importFrom("graphics", "layout")
importFrom("methods", "as")
to your NAMESPACE file (and ensure that your DESCRIPTION Imports field
contains 'methods').
Flavors: r-devel-linux-x86_64-debian-clang, r-devel-linux-x86_64-debian-gcc, r-devel-linux-x86_64-fedora-clang, r-devel-linux-x86_64-fedora-gcc, r-devel-windows-ix86+x86_64, r-devel-windows-ix86+x86_64-gcc8, r-patched-linux-x86_64, r-patched-solaris-x86, r-release-linux-x86_64, r-release-windows-ix86+x86_64, r-release-osx-x86_64, r-oldrel-windows-ix86+x86_64, r-oldrel-osx-x86_64