Last updated on 2020-02-15 01:01:29 CET.
Flavor | Version | Tinstall | Tcheck | Ttotal | Status | Flags |
---|---|---|---|---|---|---|
r-devel-linux-x86_64-debian-clang | 1.4.9 | 8.60 | 166.94 | 175.54 | OK | |
r-devel-linux-x86_64-debian-gcc | 1.4.9 | 7.08 | 121.35 | 128.43 | OK | |
r-devel-linux-x86_64-fedora-clang | 1.4.9 | 193.27 | OK | |||
r-devel-linux-x86_64-fedora-gcc | 1.4.9 | 191.14 | OK | |||
r-devel-windows-ix86+x86_64 | 1.4.9 | 13.00 | 180.00 | 193.00 | NOTE | |
r-devel-windows-ix86+x86_64-gcc8 | 1.4.9 | 18.00 | 226.00 | 244.00 | NOTE | |
r-patched-linux-x86_64 | 1.4.9 | 7.16 | 144.61 | 151.77 | OK | |
r-patched-solaris-x86 | 1.4.9 | 241.10 | OK | |||
r-release-linux-x86_64 | 1.4.9 | 8.28 | 144.03 | 152.31 | OK | |
r-release-windows-ix86+x86_64 | 1.4.9 | 12.00 | 153.00 | 165.00 | NOTE | |
r-release-osx-x86_64 | 1.4.9 | OK | ||||
r-oldrel-windows-ix86+x86_64 | 1.4.9 | 9.00 | 204.00 | 213.00 | NOTE | |
r-oldrel-osx-x86_64 | 1.4.9 | OK |
Version: 1.4.9
Check: package dependencies
Result: NOTE
Package suggested but not available for checking: 'doMC'
Flavors: r-devel-windows-ix86+x86_64, r-devel-windows-ix86+x86_64-gcc8, r-release-windows-ix86+x86_64, r-oldrel-windows-ix86+x86_64