CRAN Package Check Results for Package LambertW

Last updated on 2020-02-15 01:01:28 CET.

Flavor Version Tinstall Tcheck Ttotal Status Flags
r-devel-linux-x86_64-debian-clang 0.6.4 71.10 129.57 200.67 WARN
r-devel-linux-x86_64-debian-gcc 0.6.4 40.54 95.54 136.08 OK
r-devel-linux-x86_64-fedora-clang 0.6.4 599.72 WARN
r-devel-linux-x86_64-fedora-gcc 0.6.4 513.23 NOTE
r-devel-windows-ix86+x86_64 0.6.4 132.00 194.00 326.00 OK
r-devel-windows-ix86+x86_64-gcc8 0.6.4 183.00 254.00 437.00 OK
r-patched-linux-x86_64 0.6.4 47.82 111.47 159.29 OK
r-patched-solaris-x86 0.6.4 958.20 OK
r-release-linux-x86_64 0.6.4 43.32 112.59 155.91 OK
r-release-windows-ix86+x86_64 0.6.4 114.00 181.00 295.00 OK
r-release-osx-x86_64 0.6.4 WARN
r-oldrel-windows-ix86+x86_64 0.6.4 90.00 211.00 301.00 WARN
r-oldrel-osx-x86_64 0.6.4 WARN

Check Details

Version: 0.6.4
Check: whether package can be installed
Result: WARN
    Found the following significant warnings:
     W_gamma_Cpp.cpp:14:39: warning: explicitly assigning value of variable of type 'int' to itself [-Wself-assign]
Flavors: r-devel-linux-x86_64-debian-clang, r-devel-linux-x86_64-fedora-clang, r-release-osx-x86_64, r-oldrel-osx-x86_64

Version: 0.6.4
Check: compiled code
Result: NOTE
    File ‘LambertW/libs/LambertW.so’:
     Found no calls to: ‘R_registerRoutines’, ‘R_useDynamicSymbols’
    
    It is good practice to register native routines and to disable symbol
    search.
    
    See ‘Writing portable packages’ in the ‘Writing R Extensions’ manual.
Flavors: r-devel-linux-x86_64-fedora-clang, r-devel-linux-x86_64-fedora-gcc

Version: 0.6.4
Check: whether package can be installed
Result: WARN
    Found the following significant warnings:
     Warning: S3 methods '[.fun_list', '[.grouped_df', 'all.equal.tbl_df', 'anti_join.data.frame', 'anti_join.tbl_df', 'arrange.data.frame', 'arrange.default', 'arrange.grouped_df', 'arrange.tbl_df', 'arrange_.data.frame', 'arrange_.tbl_df', 'as.data.frame.grouped_df', 'as.data.frame.rowwise_df', 'as.data.frame.tbl_cube', 'as.table.tbl_cube', 'as.tbl.data.frame', 'as.tbl.tbl', 'as.tbl_cube.array', 'as.tbl_cube.data.frame', 'as.tbl_cube.matrix', 'as.tbl_cube.table', 'as_tibble.grouped_df', 'as_tibble.tbl_cube', 'auto_copy.tbl_cube', 'auto_copy.tbl_df', 'cbind.grouped_df', 'collapse.data.frame', 'collect.data.frame', 'common_by.NULL', 'common_by.character', 'common_by.default', 'common_by.list', 'compute.data.frame', 'copy_to.DBIConnection', 'copy_to.src_local', 'default_missing.data.frame', 'default_missing.default', 'dim.tbl_cube', 'distinct.data.frame', 'distinct.default', 'distinct.grouped_df', 'distinct.tbl_df', 'distinct_.data.frame', 'distinct_.grouped_df', 'distinct_.tbl_df', 'do.NULL', 'do.da [... truncated]
Flavor: r-oldrel-windows-ix86+x86_64