Last updated on 2020-02-15 01:01:29 CET.
Flavor | Version | Tinstall | Tcheck | Ttotal | Status | Flags |
---|---|---|---|---|---|---|
r-devel-linux-x86_64-debian-clang | 0.9.7 | 100.72 | 345.35 | 446.07 | OK | |
r-devel-linux-x86_64-debian-gcc | 0.9.7 | 75.69 | 253.35 | 329.04 | OK | |
r-devel-linux-x86_64-fedora-clang | 0.9.7 | 560.32 | NOTE | |||
r-devel-linux-x86_64-fedora-gcc | 0.9.7 | 523.45 | OK | |||
r-devel-windows-ix86+x86_64 | 0.9.7 | 183.00 | 521.00 | 704.00 | NOTE | |
r-devel-windows-ix86+x86_64-gcc8 | 0.9.7 | 221.00 | 651.00 | 872.00 | NOTE | |
r-patched-linux-x86_64 | 0.9.7 | 85.59 | 302.24 | 387.83 | OK | |
r-patched-solaris-x86 | 0.9.7 | 569.20 | NOTE | |||
r-release-linux-x86_64 | 0.9.7 | 84.59 | 299.19 | 383.78 | OK | |
r-release-windows-ix86+x86_64 | 0.9.7 | 139.00 | 438.00 | 577.00 | NOTE | |
r-release-osx-x86_64 | 0.9.7 | NOTE | ||||
r-oldrel-windows-ix86+x86_64 | 0.9.7 | 129.00 | 407.00 | 536.00 | NOTE | |
r-oldrel-osx-x86_64 | 0.9.7 | NOTE |
Version: 0.9.7
Check: installed package size
Result: NOTE
installed size is 6.0Mb
sub-directories of 1Mb or more:
R 1.6Mb
help 1.1Mb
libs 1.7Mb
Flavors: r-devel-linux-x86_64-fedora-clang, r-devel-windows-ix86+x86_64, r-devel-windows-ix86+x86_64-gcc8, r-patched-solaris-x86, r-release-windows-ix86+x86_64, r-release-osx-x86_64, r-oldrel-windows-ix86+x86_64, r-oldrel-osx-x86_64