Last updated on 2020-02-15 01:01:30 CET.
Flavor | Version | Tinstall | Tcheck | Ttotal | Status | Flags |
---|---|---|---|---|---|---|
r-devel-linux-x86_64-debian-clang | 0.1.1 | 4.43 | 51.55 | 55.98 | OK | |
r-devel-linux-x86_64-debian-gcc | 0.1.1 | 3.07 | 39.08 | 42.15 | OK | |
r-devel-linux-x86_64-fedora-clang | 0.1.1 | 65.95 | WARN | |||
r-devel-linux-x86_64-fedora-gcc | 0.1.1 | 63.83 | NOTE | |||
r-devel-windows-ix86+x86_64 | 0.1.1 | 8.00 | 70.00 | 78.00 | OK | |
r-devel-windows-ix86+x86_64-gcc8 | 0.1.1 | 16.00 | 90.00 | 106.00 | OK | |
r-patched-linux-x86_64 | 0.1.1 | 3.25 | 45.29 | 48.54 | OK | |
r-patched-solaris-x86 | 0.1.1 | 91.40 | NOTE | |||
r-release-linux-x86_64 | 0.1.1 | 2.92 | 46.16 | 49.08 | OK | |
r-release-windows-ix86+x86_64 | 0.1.1 | 7.00 | 70.00 | 77.00 | OK | |
r-release-osx-x86_64 | 0.1.1 | NOTE | ||||
r-oldrel-windows-ix86+x86_64 | 0.1.1 | 5.00 | 66.00 | 71.00 | OK | |
r-oldrel-osx-x86_64 | 0.1.1 | NOTE |
Version: 0.1.1
Check: package dependencies
Result: WARN
Requires orphaned package: ‘Rmixmod’
Flavor: r-devel-linux-x86_64-fedora-clang
Version: 0.1.1
Check: data for non-ASCII characters
Result: NOTE
Note: found 66 marked UTF-8 strings
Flavors: r-devel-linux-x86_64-fedora-clang, r-devel-linux-x86_64-fedora-gcc, r-patched-solaris-x86, r-release-osx-x86_64, r-oldrel-osx-x86_64