Last updated on 2020-02-15 01:01:30 CET.
Flavor | Version | Tinstall | Tcheck | Ttotal | Status | Flags |
---|---|---|---|---|---|---|
r-devel-linux-x86_64-debian-clang | 1.0 | 2.00 | 17.80 | 19.80 | NOTE | |
r-devel-linux-x86_64-debian-gcc | 1.0 | 1.61 | 14.19 | 15.80 | NOTE | |
r-devel-linux-x86_64-fedora-clang | 1.0 | 24.58 | NOTE | |||
r-devel-linux-x86_64-fedora-gcc | 1.0 | 23.60 | NOTE | |||
r-devel-windows-ix86+x86_64 | 1.0 | 5.00 | 30.00 | 35.00 | NOTE | |
r-devel-windows-ix86+x86_64-gcc8 | 1.0 | 6.00 | 38.00 | 44.00 | NOTE | |
r-patched-linux-x86_64 | 1.0 | 1.48 | 16.07 | 17.55 | NOTE | |
r-patched-solaris-x86 | 1.0 | 34.60 | NOTE | |||
r-release-linux-x86_64 | 1.0 | 1.57 | 16.35 | 17.92 | NOTE | |
r-release-windows-ix86+x86_64 | 1.0 | 4.00 | 42.00 | 46.00 | NOTE | |
r-release-osx-x86_64 | 1.0 | NOTE | ||||
r-oldrel-windows-ix86+x86_64 | 1.0 | 2.00 | 22.00 | 24.00 | NOTE | |
r-oldrel-osx-x86_64 | 1.0 | NOTE |
Version: 1.0
Check: DESCRIPTION meta-information
Result: NOTE
Checking should be performed on sources prepared by 'R CMD build'.
Flavors: r-devel-linux-x86_64-debian-clang, r-devel-linux-x86_64-debian-gcc, r-devel-linux-x86_64-fedora-clang, r-devel-linux-x86_64-fedora-gcc, r-devel-windows-ix86+x86_64, r-devel-windows-ix86+x86_64-gcc8, r-patched-linux-x86_64, r-patched-solaris-x86, r-release-linux-x86_64, r-release-windows-ix86+x86_64, r-release-osx-x86_64, r-oldrel-windows-ix86+x86_64, r-oldrel-osx-x86_64