Last updated on 2020-02-15 01:01:30 CET.
Flavor | Version | Tinstall | Tcheck | Ttotal | Status | Flags |
---|---|---|---|---|---|---|
r-devel-linux-x86_64-debian-clang | 0.5.6 | 204.31 | 113.92 | 318.23 | OK | |
r-devel-linux-x86_64-debian-gcc | 0.5.6 | 137.01 | 86.54 | 223.55 | OK | |
r-devel-linux-x86_64-fedora-clang | 0.5.6 | 402.50 | NOTE | |||
r-devel-linux-x86_64-fedora-gcc | 0.5.6 | 384.10 | OK | |||
r-devel-windows-ix86+x86_64 | 0.5.6 | 418.00 | 207.00 | 625.00 | NOTE | |
r-devel-windows-ix86+x86_64-gcc8 | 0.5.6 | 593.00 | 272.00 | 865.00 | NOTE | |
r-patched-linux-x86_64 | 0.5.6 | 153.32 | 99.70 | 253.02 | OK | |
r-patched-solaris-x86 | 0.5.6 | 384.20 | OK | |||
r-release-linux-x86_64 | 0.5.6 | 156.19 | 99.50 | 255.69 | OK | |
r-release-windows-ix86+x86_64 | 0.5.6 | 378.00 | 174.00 | 552.00 | NOTE | |
r-release-osx-x86_64 | 0.5.6 | NOTE | ||||
r-oldrel-windows-ix86+x86_64 | 0.5.6 | 301.00 | 148.00 | 449.00 | NOTE | |
r-oldrel-osx-x86_64 | 0.5.6 | NOTE |
Version: 0.5.6
Check: installed package size
Result: NOTE
installed size is 8.8Mb
sub-directories of 1Mb or more:
data 2.8Mb
libs 5.6Mb
Flavors: r-devel-linux-x86_64-fedora-clang, r-devel-windows-ix86+x86_64, r-devel-windows-ix86+x86_64-gcc8, r-release-windows-ix86+x86_64, r-release-osx-x86_64, r-oldrel-windows-ix86+x86_64, r-oldrel-osx-x86_64