Last updated on 2020-02-15 01:01:30 CET.
Flavor | Version | Tinstall | Tcheck | Ttotal | Status | Flags |
---|---|---|---|---|---|---|
r-devel-linux-x86_64-debian-clang | 0.1.0 | 2.04 | 17.03 | 19.07 | OK | |
r-devel-linux-x86_64-debian-gcc | 0.1.0 | 1.72 | 13.91 | 15.63 | OK | |
r-devel-linux-x86_64-fedora-clang | 0.1.0 | 24.96 | NOTE | |||
r-devel-linux-x86_64-fedora-gcc | 0.1.0 | 23.69 | NOTE | |||
r-devel-windows-ix86+x86_64 | 0.1.0 | 8.00 | 32.00 | 40.00 | OK | |
r-devel-windows-ix86+x86_64-gcc8 | 0.1.0 | 16.00 | 44.00 | 60.00 | OK | |
r-patched-linux-x86_64 | 0.1.0 | 1.59 | 16.19 | 17.78 | OK | |
r-patched-solaris-x86 | 0.1.0 | 36.30 | NOTE | |||
r-release-linux-x86_64 | 0.1.0 | 1.41 | 15.94 | 17.35 | OK | |
r-release-windows-ix86+x86_64 | 0.1.0 | 5.00 | 29.00 | 34.00 | OK | |
r-release-osx-x86_64 | 0.1.0 | NOTE | ||||
r-oldrel-windows-ix86+x86_64 | 0.1.0 | 3.00 | 28.00 | 31.00 | OK | |
r-oldrel-osx-x86_64 | 0.1.0 | NOTE |
Version: 0.1.0
Check: dependencies in R code
Result: NOTE
Namespaces in Imports field not imported from:
‘QuantPsyc’ ‘corrgram’ ‘dplyr’ ‘forecast’ ‘psych’ ‘shinyAce’
All declared Imports should be used.
Flavors: r-devel-linux-x86_64-fedora-clang, r-devel-linux-x86_64-fedora-gcc, r-patched-solaris-x86, r-release-osx-x86_64, r-oldrel-osx-x86_64