CRAN Package Check Results for Package MMVBVS

Last updated on 2020-02-15 01:01:30 CET.

Flavor Version Tinstall Tcheck Ttotal Status Flags
r-devel-linux-x86_64-debian-clang 0.8.0 41.19 41.53 82.72 OK
r-devel-linux-x86_64-debian-gcc 0.8.0 29.48 31.78 61.26 OK
r-devel-linux-x86_64-fedora-clang 0.8.0 112.19 OK
r-devel-linux-x86_64-fedora-gcc 0.8.0 108.60 OK
r-devel-windows-ix86+x86_64 0.8.0 83.00 86.00 169.00 OK
r-devel-windows-ix86+x86_64-gcc8 0.8.0 139.00 110.00 249.00 OK
r-patched-linux-x86_64 0.8.0 33.37 37.29 70.66 OK
r-patched-solaris-x86 0.8.0 120.10 OK
r-release-linux-x86_64 0.8.0 31.78 37.44 69.22 OK
r-release-windows-ix86+x86_64 0.8.0 75.00 77.00 152.00 OK
r-release-osx-x86_64 0.8.0 OK
r-oldrel-windows-ix86+x86_64 0.8.0 18.00 6.00 24.00 ERROR
r-oldrel-osx-x86_64 0.8.0 OK

Check Details

Version: 0.8.0
Check: whether package can be installed
Result: ERROR
    Installation failed.
Flavor: r-oldrel-windows-ix86+x86_64