CRAN Package Check Results for Package MODISTools

Last updated on 2020-02-15 01:01:30 CET.

Flavor Version Tinstall Tcheck Ttotal Status Flags
r-devel-linux-x86_64-debian-clang 1.1.0 2.53 30.16 32.69 OK
r-devel-linux-x86_64-debian-gcc 1.1.0 2.02 24.33 26.35 OK
r-devel-linux-x86_64-fedora-clang 1.1.0 41.31 OK
r-devel-linux-x86_64-fedora-gcc 1.1.0 41.02 OK
r-devel-windows-ix86+x86_64 1.1.0 7.00 119.00 126.00 OK
r-devel-windows-ix86+x86_64-gcc8 1.1.0 13.00 151.00 164.00 OK
r-patched-linux-x86_64 1.1.0 1.95 28.58 30.53 OK
r-patched-solaris-x86 1.1.0 59.00 ERROR
r-release-linux-x86_64 1.1.0 2.05 27.83 29.88 OK
r-release-windows-ix86+x86_64 1.1.0 4.00 789.00 793.00 WARN
r-release-osx-x86_64 1.1.0 OK
r-oldrel-windows-ix86+x86_64 1.1.0 3.00 142.00 145.00 OK
r-oldrel-osx-x86_64 1.1.0 OK

Check Details

Version: 1.1.0
Check: tests
Result: ERROR
     Running ‘testthat.R’ [6s/93s]
    Running the tests in ‘tests/testthat.R’ failed.
    Complete output:
     > # Run all unit tests
     >
     > # This is a wrapper around all the tests specified
     > # in the tests/testthat directory. These tests are visible
     > # to users and serve as small examples as well.
     > testthat::test_check("MODISTools")
     Loading required package: MODISTools
    
     |
     | | 0%
     |
     |=================================== | 50%
     |
     |======================================================================| 100%
     ── 1. Error: test mt_batch_subset() (@test_download_functions.R#205) ──────────
     one node produced an error: Your requested timed out or the server is unreachable
     Backtrace:
     1. testthat::expect_is(...)
     4. MODISTools::mt_batch_subset(...)
     5. parallel::parRapply(...)
     7. parallel::clusterApply(...)
     8. parallel:::staticClusterApply(cl, fun, length(x), argfun)
     9. parallel:::checkForRemoteErrors(val)
    
     ══ testthat results ═══════════════════════════════════════════════════════════
     [ OK: 23 | SKIPPED: 1 | WARNINGS: 0 | FAILED: 1 ]
     1. Error: test mt_batch_subset() (@test_download_functions.R#205)
    
     Error: testthat unit tests failed
     Execution halted
Flavor: r-patched-solaris-x86

Version: 1.1.0
Check: re-building of vignette outputs
Result: WARN
    Error(s) in re-building vignettes:
     ...
    --- re-building ‘modistools-vignette.Rmd’ using rmarkdown
    Warning in engine$weave(file, quiet = quiet, encoding = enc) :
     Pandoc (>= 1.12.3) and/or pandoc-citeproc not available. Falling back to R Markdown v1.
    Quitting from lines 78-97 (modistools-vignette.Rmd)
    Error: processing vignette 'modistools-vignette.Rmd' failed with diagnostics:
    one node produced an error: Your requested timed out or the server is unreachable
    --- failed re-building ‘modistools-vignette.Rmd’
    
    SUMMARY: processing the following file failed:
     ‘modistools-vignette.Rmd’
    
    Error: Vignette re-building failed.
    Execution halted
Flavor: r-patched-solaris-x86

Version: 1.1.0
Check: re-building of vignette outputs
Result: WARN
    Error(s) in re-building vignettes:
    --- re-building 'modistools-vignette.Rmd' using rmarkdown
    Quitting from lines 55-69 (modistools-vignette.Rmd)
    Error: processing vignette 'modistools-vignette.Rmd' failed with diagnostics:
    arguments imply differing number of rows: 1, 0
    --- failed re-building 'modistools-vignette.Rmd'
    
    SUMMARY: processing the following file failed:
     'modistools-vignette.Rmd'
    
    Error: Vignette re-building failed.
    Execution halted
Flavor: r-release-windows-ix86+x86_64