Last updated on 2020-02-15 01:01:31 CET.
Flavor | Version | Tinstall | Tcheck | Ttotal | Status | Flags |
---|---|---|---|---|---|---|
r-devel-linux-x86_64-debian-clang | 1.12.0 | 57.84 | 179.09 | 236.93 | OK | |
r-devel-linux-x86_64-debian-gcc | 1.12.0 | 40.70 | 139.46 | 180.16 | OK | |
r-devel-linux-x86_64-fedora-clang | 1.12.0 | 290.30 | NOTE | |||
r-devel-linux-x86_64-fedora-gcc | 1.12.0 | 279.20 | OK | |||
r-devel-windows-ix86+x86_64 | 1.12.0 | 92.00 | 218.00 | 310.00 | OK | |
r-devel-windows-ix86+x86_64-gcc8 | 1.12.0 | 137.00 | 273.00 | 410.00 | OK | |
r-patched-linux-x86_64 | 1.12.0 | 47.23 | 164.58 | 211.81 | OK | |
r-patched-solaris-x86 | 1.12.0 | 298.10 | OK | |||
r-release-linux-x86_64 | 1.12.0 | 50.36 | 163.26 | 213.62 | OK | |
r-release-windows-ix86+x86_64 | 1.12.0 | 79.00 | 201.00 | 280.00 | OK | |
r-release-osx-x86_64 | 1.12.0 | NOTE | ||||
r-oldrel-windows-ix86+x86_64 | 1.12.0 | 71.00 | 228.00 | 299.00 | OK | |
r-oldrel-osx-x86_64 | 1.12.0 | NOTE |
Version: 1.12.0
Check: installed package size
Result: NOTE
installed size is 10.2Mb
sub-directories of 1Mb or more:
libs 9.0Mb
Flavors: r-devel-linux-x86_64-fedora-clang, r-release-osx-x86_64, r-oldrel-osx-x86_64