Last updated on 2020-02-15 01:01:30 CET.
Flavor | Version | Tinstall | Tcheck | Ttotal | Status | Flags |
---|---|---|---|---|---|---|
r-release-windows-ix86+x86_64 | 0.1.0 | 10.00 | 55.00 | 65.00 | OK | |
r-release-osx-x86_64 | 0.1.0 | OK | ||||
r-oldrel-windows-ix86+x86_64 | 0.1.0 | 4.00 | 10.00 | 14.00 | ERROR | |
r-oldrel-osx-x86_64 | 0.1.0 | OK |
Version: 0.1.0
Check: package dependencies
Result: ERROR
Package required and available but unsuitable version: 'stats'
See section 'The DESCRIPTION file' in the 'Writing R Extensions'
manual.
Flavor: r-oldrel-windows-ix86+x86_64