CRAN Package Check Results for Package Momocs

Last updated on 2020-02-15 01:01:31 CET.

Flavor Version Tinstall Tcheck Ttotal Status Flags
r-devel-linux-x86_64-debian-clang 1.2.9 22.91 236.53 259.44 WARN
r-devel-linux-x86_64-debian-gcc 1.2.9 20.57 172.00 192.57 WARN
r-devel-linux-x86_64-fedora-clang 1.2.9 297.04 WARN
r-devel-linux-x86_64-fedora-gcc 1.2.9 292.33 WARN
r-devel-windows-ix86+x86_64 1.2.9 40.00 278.00 318.00 OK
r-devel-windows-ix86+x86_64-gcc8 1.2.9 55.00 342.00 397.00 OK
r-patched-linux-x86_64 1.2.9 19.93 203.65 223.58 WARN
r-patched-solaris-x86 1.2.9 344.30 WARN
r-release-linux-x86_64 1.2.9 19.69 207.28 226.97 OK
r-release-windows-ix86+x86_64 1.2.9 34.00 238.00 272.00 OK
r-release-osx-x86_64 1.2.9 OK
r-oldrel-windows-ix86+x86_64 1.2.9 29.00 224.00 253.00 OK
r-oldrel-osx-x86_64 1.2.9 OK

Check Details

Version: 1.2.9
Check: Rd \usage sections
Result: WARN
    Documented arguments not in \usage in documentation object 'calibrate_reconstructions':
     '...'
    
    Documented arguments not in \usage in documentation object 'import_jpg1':
     '...'
    
    Functions with \usage entries need to have the appropriate \alias
    entries, and all their arguments documented.
    The \usage entries must correspond to syntactically valid R code.
    See chapter 'Writing R documentation files' in the 'Writing R
    Extensions' manual.
Flavors: r-devel-linux-x86_64-debian-clang, r-devel-linux-x86_64-debian-gcc, r-devel-linux-x86_64-fedora-clang, r-devel-linux-x86_64-fedora-gcc, r-patched-linux-x86_64, r-patched-solaris-x86