Last updated on 2020-02-15 01:01:31 CET.
Flavor | Version | Tinstall | Tcheck | Ttotal | Status | Flags |
---|---|---|---|---|---|---|
r-devel-linux-x86_64-debian-clang | 1.0.1 | 7.24 | 32.84 | 40.08 | NOTE | |
r-devel-linux-x86_64-debian-gcc | 1.0.1 | 4.83 | 25.99 | 30.82 | NOTE | |
r-devel-linux-x86_64-fedora-clang | 1.0.1 | 48.18 | NOTE | |||
r-devel-linux-x86_64-fedora-gcc | 1.0.1 | 47.42 | NOTE | |||
r-devel-windows-ix86+x86_64 | 1.0.1 | 15.00 | 56.00 | 71.00 | NOTE | |
r-devel-windows-ix86+x86_64-gcc8 | 1.0.1 | 22.00 | 73.00 | 95.00 | NOTE | |
r-patched-linux-x86_64 | 1.0.1 | 4.38 | 29.22 | 33.60 | NOTE | |
r-patched-solaris-x86 | 1.0.1 | 63.00 | NOTE | |||
r-release-linux-x86_64 | 1.0.1 | 4.42 | 29.30 | 33.72 | NOTE | |
r-release-windows-ix86+x86_64 | 1.0.1 | 12.00 | 50.00 | 62.00 | NOTE | |
r-release-osx-x86_64 | 1.0.1 | NOTE | ||||
r-oldrel-windows-ix86+x86_64 | 1.0.1 | 10.00 | 66.00 | 76.00 | NOTE | |
r-oldrel-osx-x86_64 | 1.0.1 | NOTE |
Version: 1.0.1
Check: package dependencies
Result: NOTE
Package which this enhances but not available for checking: 'MonetDBLite'
Flavors: r-devel-linux-x86_64-debian-clang, r-devel-linux-x86_64-debian-gcc, r-devel-linux-x86_64-fedora-clang, r-devel-linux-x86_64-fedora-gcc, r-devel-windows-ix86+x86_64-gcc8, r-patched-linux-x86_64, r-patched-solaris-x86, r-release-linux-x86_64
Version: 1.0.1
Check: dependencies in R code
Result: NOTE
Missing or unexported objects:
'dplyr::base_agg' 'dplyr::base_scalar' 'dplyr::build_sql'
'dplyr::is.ident' 'dplyr::sql_infix' 'dplyr::sql_prefix'
'dplyr::sql_translator' 'dplyr::sql_variant' 'dplyr::src_sql'
'dplyr::tbl_sql'
Flavors: r-devel-linux-x86_64-debian-clang, r-devel-linux-x86_64-debian-gcc, r-devel-linux-x86_64-fedora-clang, r-devel-linux-x86_64-fedora-gcc, r-devel-windows-ix86+x86_64, r-devel-windows-ix86+x86_64-gcc8, r-patched-linux-x86_64, r-patched-solaris-x86, r-release-linux-x86_64, r-release-windows-ix86+x86_64, r-release-osx-x86_64, r-oldrel-windows-ix86+x86_64, r-oldrel-osx-x86_64
Version: 1.0.1
Check: compiled code
Result: NOTE
File ‘MonetDB.R/libs/MonetDB.R.so’:
Found no calls to: ‘R_registerRoutines’, ‘R_useDynamicSymbols’
It is good practice to register native routines and to disable symbol
search.
See ‘Writing portable packages’ in the ‘Writing R Extensions’ manual.
Flavors: r-devel-linux-x86_64-fedora-clang, r-devel-linux-x86_64-fedora-gcc