Last updated on 2020-02-15 01:01:31 CET.
Flavor | Version | Tinstall | Tcheck | Ttotal | Status | Flags |
---|---|---|---|---|---|---|
r-devel-linux-x86_64-debian-clang | 1.0.3 | 25.66 | 428.59 | 454.25 | OK | |
r-devel-linux-x86_64-debian-gcc | 1.0.3 | 23.88 | 333.37 | 357.25 | OK | |
r-devel-linux-x86_64-fedora-clang | 1.0.3 | 553.05 | OK | |||
r-devel-linux-x86_64-fedora-gcc | 1.0.3 | 542.76 | OK | |||
r-devel-windows-ix86+x86_64 | 1.0.3 | 52.00 | 430.00 | 482.00 | OK | |
r-devel-windows-ix86+x86_64-gcc8 | 1.0.3 | 76.00 | 563.00 | 639.00 | OK | |
r-patched-linux-x86_64 | 1.0.3 | 21.59 | 336.39 | 357.98 | OK | |
r-patched-solaris-x86 | 1.0.3 | 762.80 | OK | |||
r-release-linux-x86_64 | 1.0.3 | 21.24 | 337.45 | 358.69 | OK | |
r-release-windows-ix86+x86_64 | 1.0.3 | 41.00 | 371.00 | 412.00 | OK | |
r-release-osx-x86_64 | 1.0.3 | ERROR | ||||
r-oldrel-windows-ix86+x86_64 | 1.0.3 | 26.00 | 691.00 | 717.00 | OK | |
r-oldrel-osx-x86_64 | 1.0.3 | ERROR |
Version: 1.0.3
Check: package dependencies
Result: ERROR
Packages required but not available: 'org.Hs.eg.db', 'clusterProfiler'
See section ‘The DESCRIPTION file’ in the ‘Writing R Extensions’
manual.
Flavor: r-release-osx-x86_64
Version: 1.0.3
Check: package dependencies
Result: ERROR
Package required but not available: ‘clusterProfiler’
See section ‘The DESCRIPTION file’ in the ‘Writing R Extensions’
manual.
Flavor: r-oldrel-osx-x86_64