CRAN Package Check Results for Package NBLDA

Last updated on 2020-02-15 01:01:31 CET.

Flavor Version Tinstall Tcheck Ttotal Status Flags
r-devel-linux-x86_64-debian-clang 0.99.0 5.83 48.12 53.95 WARN
r-devel-linux-x86_64-debian-gcc 0.99.0 5.26 36.64 41.90 OK
r-devel-linux-x86_64-fedora-clang 0.99.0 63.47 OK
r-devel-linux-x86_64-fedora-gcc 0.99.0 60.32 OK
r-devel-windows-ix86+x86_64 0.99.0 16.00 64.00 80.00 OK
r-devel-windows-ix86+x86_64-gcc8 0.99.0 33.00 88.00 121.00 OK
r-patched-linux-x86_64 0.99.0 4.70 40.65 45.35 OK
r-patched-solaris-x86 0.99.0 86.50 OK
r-release-linux-x86_64 0.99.0 5.05 40.57 45.62 OK
r-release-windows-ix86+x86_64 0.99.0 8.00 59.00 67.00 OK
r-release-osx-x86_64 0.99.0 ERROR
r-oldrel-windows-ix86+x86_64 0.99.0 8.00 60.00 68.00 OK
r-oldrel-osx-x86_64 0.99.0 ERROR

Check Details

Version: 0.99.0
Check: whether package can be installed
Result: WARN
    Found the following significant warnings:
     Warning: unable to re-encode 'normalize_counts.R' line 58
Flavor: r-devel-linux-x86_64-debian-clang

Version: 0.99.0
Check: package dependencies
Result: ERROR
    Package required but not available: ‘sSeq’
    
    See section ‘The DESCRIPTION file’ in the ‘Writing R Extensions’
    manual.
Flavors: r-release-osx-x86_64, r-oldrel-osx-x86_64