CRAN Package Check Results for Package NISTunits

Last updated on 2020-02-15 01:01:31 CET.

Flavor Version Tinstall Tcheck Ttotal Status Flags
r-devel-linux-x86_64-debian-clang 1.0.1 13.12 89.15 102.27 NOTE
r-devel-linux-x86_64-debian-gcc 1.0.1 11.48 70.79 82.27 NOTE
r-devel-linux-x86_64-fedora-clang 1.0.1 121.41 NOTE
r-devel-linux-x86_64-fedora-gcc 1.0.1 120.27 NOTE
r-devel-windows-ix86+x86_64 1.0.1 30.00 175.00 205.00 NOTE
r-devel-windows-ix86+x86_64-gcc8 1.0.1 40.00 209.00 249.00 NOTE
r-patched-linux-x86_64 1.0.1 13.61 83.48 97.09 NOTE
r-patched-solaris-x86 1.0.1 144.20 NOTE
r-release-linux-x86_64 1.0.1 12.39 84.05 96.44 NOTE
r-release-windows-ix86+x86_64 1.0.1 28.00 202.00 230.00 NOTE
r-release-osx-x86_64 1.0.1 NOTE
r-oldrel-windows-ix86+x86_64 1.0.1 25.00 119.00 144.00 NOTE
r-oldrel-osx-x86_64 1.0.1 NOTE

Check Details

Version: 1.0.1
Check: DESCRIPTION meta-information
Result: NOTE
    Malformed Description field: should contain one or more complete sentences.
Flavors: r-devel-linux-x86_64-debian-clang, r-devel-linux-x86_64-debian-gcc, r-devel-linux-x86_64-fedora-clang, r-devel-linux-x86_64-fedora-gcc, r-devel-windows-ix86+x86_64, r-devel-windows-ix86+x86_64-gcc8, r-patched-linux-x86_64, r-patched-solaris-x86, r-release-linux-x86_64, r-release-windows-ix86+x86_64, r-release-osx-x86_64, r-oldrel-windows-ix86+x86_64, r-oldrel-osx-x86_64

Version: 1.0.1
Check: data for non-ASCII characters
Result: NOTE
     Note: found 170 marked UTF-8 strings
Flavors: r-devel-linux-x86_64-fedora-clang, r-devel-linux-x86_64-fedora-gcc, r-patched-solaris-x86, r-release-osx-x86_64, r-oldrel-osx-x86_64