Last updated on 2020-02-15 01:01:32 CET.
Flavor | Version | Tinstall | Tcheck | Ttotal | Status | Flags |
---|---|---|---|---|---|---|
r-devel-linux-x86_64-debian-clang | 1.0.1.7 | 35.94 | 192.73 | 228.67 | OK | |
r-devel-linux-x86_64-debian-gcc | 1.0.1.7 | 29.23 | 145.35 | 174.58 | OK | |
r-devel-linux-x86_64-fedora-clang | 1.0.1.7 | 270.81 | OK | |||
r-devel-linux-x86_64-fedora-gcc | 1.0.1.7 | 260.28 | OK | |||
r-devel-windows-ix86+x86_64 | 1.0.1.7 | 64.00 | 287.00 | 351.00 | OK | |
r-devel-windows-ix86+x86_64-gcc8 | 1.0.1.6 | 101.00 | 371.00 | 472.00 | OK | |
r-patched-linux-x86_64 | 1.0.1.7 | 33.32 | 164.93 | 198.25 | OK | |
r-patched-solaris-x86 | 1.0.1.7 | 333.10 | OK | |||
r-release-linux-x86_64 | 1.0.1.7 | 34.50 | 165.54 | 200.04 | OK | |
r-release-windows-ix86+x86_64 | 1.0.1.7 | 54.00 | 229.00 | 283.00 | OK | |
r-release-osx-x86_64 | 1.0.1.7 | WARN | ||||
r-oldrel-windows-ix86+x86_64 | 1.0.1.7 | 78.00 | 338.00 | 416.00 | OK | |
r-oldrel-osx-x86_64 | 1.0.1.7 | OK |
Version: 1.0.1.7
Check: dependencies in R code
Result: NOTE
No protocol specified
No protocol specified
Flavor: r-release-osx-x86_64
Version: 1.0.1.7
Check: S3 generic/method consistency
Result: WARN
No protocol specified
No protocol specified
See section ‘Generic functions and methods’ in the ‘Writing R
Extensions’ manual.
Flavor: r-release-osx-x86_64
Version: 1.0.1.7
Check: replacement functions
Result: WARN
No protocol specified
No protocol specified
The argument of a replacement function which corresponds to the right
hand side must be named ‘value’.
Flavor: r-release-osx-x86_64
Version: 1.0.1.7
Check: foreign function calls
Result: NOTE
No protocol specified
No protocol specified
See chapter ‘System and foreign language interfaces’ in the ‘Writing R
Extensions’ manual.
Flavor: r-release-osx-x86_64
Version: 1.0.1.7
Check: R code for possible problems
Result: NOTE
No protocol specified
No protocol specified
Flavor: r-release-osx-x86_64
Version: 1.0.1.7
Check: for missing documentation entries
Result: WARN
No protocol specified
No protocol specified
All user-level objects in a package should have documentation entries.
See chapter ‘Writing R documentation files’ in the ‘Writing R
Extensions’ manual.
Flavor: r-release-osx-x86_64
Version: 1.0.1.7
Check: for code/documentation mismatches
Result: WARN
No protocol specified
No protocol specified
No protocol specified
No protocol specified
No protocol specified
No protocol specified
Flavor: r-release-osx-x86_64
Version: 1.0.1.7
Check: Rd \usage sections
Result: NOTE
No protocol specified
No protocol specified
The \usage entries for S3 methods should use the \method markup and not
their full name.
See chapter ‘Writing R documentation files’ in the ‘Writing R
Extensions’ manual.
Flavor: r-release-osx-x86_64