CRAN Package Check Results for Package PKPDmodels

Last updated on 2020-02-15 01:01:33 CET.

Flavor Version Tinstall Tcheck Ttotal Status Flags
r-devel-linux-x86_64-debian-clang 0.3.2 1.90 22.43 24.33 NOTE
r-devel-linux-x86_64-debian-gcc 0.3.2 1.57 17.99 19.56 NOTE
r-devel-linux-x86_64-fedora-clang 0.3.2 31.60 NOTE
r-devel-linux-x86_64-fedora-gcc 0.3.2 30.37 NOTE
r-devel-windows-ix86+x86_64 0.3.2 5.00 38.00 43.00 NOTE
r-devel-windows-ix86+x86_64-gcc8 0.3.2 8.00 51.00 59.00 NOTE
r-patched-linux-x86_64 0.3.2 1.65 21.23 22.88 NOTE
r-patched-solaris-x86 0.3.2 44.10 NOTE
r-release-linux-x86_64 0.3.2 1.66 21.05 22.71 NOTE
r-release-windows-ix86+x86_64 0.3.2 5.00 39.00 44.00 NOTE
r-release-osx-x86_64 0.3.2 NOTE
r-oldrel-windows-ix86+x86_64 0.3.2 3.00 47.00 50.00 NOTE
r-oldrel-osx-x86_64 0.3.2 NOTE

Check Details

Version: 0.3.2
Check: R code for possible problems
Result: NOTE
    PKmod: no visible global function definition for 'deriv'
    Undefined global functions or variables:
     deriv
    Consider adding
     importFrom("stats", "deriv")
    to your NAMESPACE file.
Flavors: r-devel-linux-x86_64-debian-clang, r-devel-linux-x86_64-debian-gcc, r-devel-linux-x86_64-fedora-clang, r-devel-linux-x86_64-fedora-gcc, r-devel-windows-ix86+x86_64, r-devel-windows-ix86+x86_64-gcc8, r-patched-linux-x86_64, r-patched-solaris-x86, r-release-linux-x86_64, r-release-windows-ix86+x86_64, r-release-osx-x86_64, r-oldrel-windows-ix86+x86_64, r-oldrel-osx-x86_64