Last updated on 2020-02-15 01:01:35 CET.
Flavor | Version | Tinstall | Tcheck | Ttotal | Status | Flags |
---|---|---|---|---|---|---|
r-devel-linux-x86_64-debian-clang | 0.9.5 | 102.58 | 250.94 | 353.52 | OK | |
r-devel-linux-x86_64-debian-gcc | 0.9.5 | 71.99 | 181.69 | 253.68 | OK | |
r-devel-linux-x86_64-fedora-clang | 0.9.5 | 444.24 | NOTE | |||
r-devel-linux-x86_64-fedora-gcc | 0.9.5 | 448.29 | OK | |||
r-devel-windows-ix86+x86_64 | 0.9.5 | 183.00 | 408.00 | 591.00 | OK | |
r-devel-windows-ix86+x86_64-gcc8 | 0.9.5 | 261.00 | 498.00 | 759.00 | NOTE | |
r-patched-linux-x86_64 | 0.9.5 | 82.47 | 219.29 | 301.76 | OK | |
r-patched-solaris-x86 | 0.9.5 | 504.20 | OK | |||
r-release-linux-x86_64 | 0.9.5 | 82.57 | 219.10 | 301.67 | OK | |
r-release-windows-ix86+x86_64 | 0.9.5 | 174.00 | 355.00 | 529.00 | OK | |
r-release-osx-x86_64 | 0.9.5 | NOTE | ||||
r-oldrel-windows-ix86+x86_64 | 0.9.5 | 152.00 | 341.00 | 493.00 | OK | |
r-oldrel-osx-x86_64 | 0.9.5 | NOTE |
Version: 0.9.5
Check: installed package size
Result: NOTE
installed size is 9.9Mb
sub-directories of 1Mb or more:
doc 1.6Mb
libs 7.5Mb
Flavors: r-devel-linux-x86_64-fedora-clang, r-devel-windows-ix86+x86_64-gcc8, r-release-osx-x86_64, r-oldrel-osx-x86_64