Last updated on 2020-02-15 01:01:35 CET.
Flavor | Version | Tinstall | Tcheck | Ttotal | Status | Flags |
---|---|---|---|---|---|---|
r-devel-linux-x86_64-debian-clang | 3.2.3 | 103.96 | 169.82 | 273.78 | OK | |
r-devel-linux-x86_64-debian-gcc | 3.2.3 | 85.82 | 130.50 | 216.32 | OK | |
r-devel-linux-x86_64-fedora-clang | 3.2.3 | 363.83 | NOTE | |||
r-devel-linux-x86_64-fedora-gcc | 3.2.3 | 293.22 | OK | |||
r-devel-windows-ix86+x86_64 | 3.2.3 | 153.00 | 212.00 | 365.00 | OK | |
r-devel-windows-ix86+x86_64-gcc8 | 3.2.3 | 212.00 | 278.00 | 490.00 | OK | |
r-patched-linux-x86_64 | 3.2.3 | 81.05 | 150.78 | 231.83 | OK | |
r-patched-solaris-x86 | 3.2.3 | 392.70 | OK | |||
r-release-linux-x86_64 | 3.2.3 | 83.49 | 148.88 | 232.37 | OK | |
r-release-windows-ix86+x86_64 | 3.2.3 | 150.00 | 188.00 | 338.00 | OK | |
r-release-osx-x86_64 | 3.2.3 | NOTE | ||||
r-oldrel-windows-ix86+x86_64 | 3.2.3 | 127.00 | 171.00 | 298.00 | OK | |
r-oldrel-osx-x86_64 | 3.2.3 | NOTE |
Version: 3.2.3
Check: installed package size
Result: NOTE
installed size is 16.2Mb
sub-directories of 1Mb or more:
libs 15.8Mb
Flavors: r-devel-linux-x86_64-fedora-clang, r-release-osx-x86_64, r-oldrel-osx-x86_64