CRAN Package Check Results for Package PhylogeneticEM

Last updated on 2020-02-15 01:01:33 CET.

Flavor Version Tinstall Tcheck Ttotal Status Flags
r-devel-linux-x86_64-debian-clang 1.4.0 57.04 197.67 254.71 OK
r-devel-linux-x86_64-debian-gcc 1.4.0 39.90 148.93 188.83 OK
r-devel-linux-x86_64-fedora-clang 1.4.0 311.89 OK
r-devel-linux-x86_64-fedora-gcc 1.4.0 308.87 OK
r-devel-windows-ix86+x86_64 1.3.0 95.00 405.00 500.00 OK
r-devel-windows-ix86+x86_64-gcc8 1.3.0 129.00 499.00 628.00 OK
r-patched-linux-x86_64 1.4.0 41.18 169.49 210.67 OK
r-patched-solaris-x86 1.4.0 699.00 OK
r-release-linux-x86_64 1.4.0 41.40 169.49 210.89 OK
r-release-windows-ix86+x86_64 1.3.0 89.00 353.00 442.00 OK
r-release-osx-x86_64 1.4.0 OK
r-oldrel-windows-ix86+x86_64 1.2.1 71.00 477.00 548.00 OK
r-oldrel-osx-x86_64 1.4.0 ERROR

Check Details

Version: 1.4.0
Check: package dependencies
Result: ERROR
    Packages required and available but unsuitable versions:
     ‘graphics’ ‘grDevices’ ‘methods’ ‘stats’ ‘utils’
    
    See section ‘The DESCRIPTION file’ in the ‘Writing R Extensions’
    manual.
Flavor: r-oldrel-osx-x86_64