CRAN Package Check Results for Package PointFore

Last updated on 2020-02-15 01:01:35 CET.

Flavor Version Tinstall Tcheck Ttotal Status Flags
r-devel-linux-x86_64-debian-clang 0.2.0 3.70 155.06 158.76 OK
r-devel-linux-x86_64-debian-gcc 0.2.0 3.01 108.77 111.78 OK
r-devel-linux-x86_64-fedora-clang 0.2.0 180.13 NOTE
r-devel-linux-x86_64-fedora-gcc 0.2.0 177.62 NOTE
r-devel-windows-ix86+x86_64 0.2.0 14.00 166.00 180.00 OK
r-devel-windows-ix86+x86_64-gcc8 0.2.0 22.00 199.00 221.00 OK
r-patched-linux-x86_64 0.2.0 3.14 132.90 136.04 OK
r-patched-solaris-x86 0.2.0 208.40 NOTE
r-release-linux-x86_64 0.2.0 2.50 132.02 134.52 OK
r-release-windows-ix86+x86_64 0.2.0 9.00 143.00 152.00 OK
r-release-osx-x86_64 0.2.0 NOTE
r-oldrel-windows-ix86+x86_64 0.2.0 7.00 124.00 131.00 OK
r-oldrel-osx-x86_64 0.2.0 NOTE

Check Details

Version: 0.2.0
Check: dependencies in R code
Result: NOTE
    Namespaces in Imports field not imported from:
     ‘car’ ‘lubridate’
     All declared Imports should be used.
Flavors: r-devel-linux-x86_64-fedora-clang, r-devel-linux-x86_64-fedora-gcc, r-patched-solaris-x86, r-release-osx-x86_64, r-oldrel-osx-x86_64