CRAN Package Check Results for Package PublicationBias

Last updated on 2020-02-15 01:01:36 CET.

Flavor Version Tinstall Tcheck Ttotal Status Flags
r-devel-linux-x86_64-debian-clang 1.1.0 10.26 76.15 86.41 OK
r-devel-linux-x86_64-debian-gcc 1.1.0 8.36 61.68 70.04 OK
r-devel-linux-x86_64-fedora-clang 1.1.0 102.55 NOTE
r-devel-linux-x86_64-fedora-gcc 1.1.0 102.45 NOTE
r-devel-windows-ix86+x86_64 1.1.0 20.00 99.00 119.00 OK
r-devel-windows-ix86+x86_64-gcc8 1.1.0 27.00 120.00 147.00 OK
r-patched-linux-x86_64 1.1.0 7.71 67.73 75.44 OK
r-patched-solaris-x86 1.1.0 139.80 NOTE
r-release-linux-x86_64 1.1.0 8.72 68.10 76.82 OK
r-release-windows-ix86+x86_64 1.1.0 17.00 81.00 98.00 OK
r-release-osx-x86_64 1.1.0 NOTE
r-oldrel-windows-ix86+x86_64 1.1.0 10.00 181.00 191.00 OK
r-oldrel-osx-x86_64 1.1.0 NOTE

Check Details

Version: 1.1.0
Check: dependencies in R code
Result: NOTE
    Namespace in Imports field not imported from: ‘Rdpack’
     All declared Imports should be used.
Flavors: r-devel-linux-x86_64-fedora-clang, r-devel-linux-x86_64-fedora-gcc, r-patched-solaris-x86, r-release-osx-x86_64, r-oldrel-osx-x86_64