Last updated on 2020-02-15 01:01:36 CET.
Flavor | Version | Tinstall | Tcheck | Ttotal | Status | Flags |
---|---|---|---|---|---|---|
r-devel-linux-x86_64-debian-clang | 0.1-9 | 11.88 | 72.78 | 84.66 | OK | |
r-devel-linux-x86_64-debian-gcc | 0.1-9 | 9.35 | 58.37 | 67.72 | OK | |
r-devel-linux-x86_64-fedora-clang | 0.1-9 | 107.64 | OK | |||
r-devel-linux-x86_64-fedora-gcc | 0.1-9 | 106.55 | OK | |||
r-devel-windows-ix86+x86_64 | 0.1-9 | 39.00 | 118.00 | 157.00 | OK | |
r-devel-windows-ix86+x86_64-gcc8 | 0.1-9 | 45.00 | 149.00 | 194.00 | OK | |
r-patched-linux-x86_64 | 0.1-9 | 10.17 | 65.95 | 76.12 | OK | |
r-patched-solaris-x86 | 0.1-9 | 135.10 | OK | |||
r-release-linux-x86_64 | 0.1-9 | 10.58 | 66.24 | 76.82 | OK | |
r-release-windows-ix86+x86_64 | 0.1-9 | 36.00 | 100.00 | 136.00 | OK | |
r-release-osx-x86_64 | 0.1-9 | OK | ||||
r-oldrel-windows-ix86+x86_64 | 0.1-6 | 68.00 | 135.00 | 203.00 | OK | |
r-oldrel-osx-x86_64 | 0.1-9 | ERROR |
Version: 0.1-9
Check: whether package can be installed
Result: ERROR
Installation failed.
Flavor: r-oldrel-osx-x86_64