CRAN Package Check Results for Package RGraphics

Last updated on 2020-02-15 01:01:37 CET.

Flavor Version Tinstall Tcheck Ttotal Status Flags
r-devel-linux-x86_64-debian-clang 2.0-14 11.20 72.74 83.94 NOTE
r-devel-linux-x86_64-debian-gcc 2.0-14 8.47 55.44 63.91 NOTE
r-devel-linux-x86_64-fedora-clang 2.0-14 98.07 NOTE
r-devel-linux-x86_64-fedora-gcc 2.0-14 101.24 NOTE
r-devel-windows-ix86+x86_64 2.0-14 22.00 88.00 110.00 NOTE
r-devel-windows-ix86+x86_64-gcc8 2.0-14 25.00 121.00 146.00 NOTE
r-patched-linux-x86_64 2.0-14 10.54 63.53 74.07 NOTE
r-patched-solaris-x86 2.0-14 125.20 NOTE
r-release-linux-x86_64 2.0-14 12.29 63.21 75.50 NOTE
r-release-windows-ix86+x86_64 2.0-14 21.00 78.00 99.00 NOTE
r-release-osx-x86_64 2.0-14 FAIL
r-oldrel-windows-ix86+x86_64 2.0-14 14.00 65.00 79.00 NOTE
r-oldrel-osx-x86_64 2.0-14 NOTE

Check Details

Version: 2.0-14
Check: package dependencies
Result: NOTE
    Packages suggested but not available for checking:
     'playwith', 'pmg', 'SVGAnnotation'
Flavors: r-devel-linux-x86_64-debian-clang, r-devel-linux-x86_64-debian-gcc, r-devel-windows-ix86+x86_64-gcc8, r-patched-linux-x86_64, r-release-linux-x86_64

Version: 2.0-14
Check: package dependencies
Result: NOTE
    Packages suggested but not available for checking: 'playwith', 'pmg'
    
    Suggests orphaned package: ‘gplots’
Flavor: r-devel-linux-x86_64-fedora-clang

Version: 2.0-14
Check: installed package size
Result: NOTE
     installed size is 9.9Mb
     sub-directories of 1Mb or more:
     extra 9.4Mb
Flavors: r-devel-linux-x86_64-fedora-clang, r-devel-windows-ix86+x86_64, r-devel-windows-ix86+x86_64-gcc8, r-patched-solaris-x86, r-release-windows-ix86+x86_64, r-release-osx-x86_64, r-oldrel-windows-ix86+x86_64, r-oldrel-osx-x86_64

Version: 2.0-14
Check: package dependencies
Result: NOTE
    Packages suggested but not available for checking: 'playwith', 'pmg'
Flavor: r-devel-linux-x86_64-fedora-gcc

Version: 2.0-14
Check: package dependencies
Result: NOTE
    Packages suggested but not available for checking: 'pmg', 'SVGAnnotation'
Flavors: r-devel-windows-ix86+x86_64, r-release-windows-ix86+x86_64

Version: 2.0-14
Check: package dependencies
Result: NOTE
    Packages suggested but not available for checking:
     'playwith', 'pmg', 'rggobi', 'SVGAnnotation'
Flavor: r-patched-solaris-x86

Version: 2.0-14
Check: package dependencies
Result: NOTE
    Packages suggested but not available for checking:
     'graph', 'gWidgetsRGtk2', 'hyperdraw', 'hypergraph', 'playwith',
     'pmg', 'rggobi', 'Rgraphviz', 'SVGAnnotation'
Flavor: r-release-osx-x86_64

Version: 2.0-14
Check: dependencies in R code
Result: FAIL
Flavor: r-release-osx-x86_64

Version: 2.0-14
Check: package dependencies
Result: NOTE
    Packages suggested but not available for checking: 'pmg' 'SVGAnnotation'
Flavor: r-oldrel-windows-ix86+x86_64

Version: 2.0-14
Check: package dependencies
Result: NOTE
    Packages suggested but not available for checking:
     ‘gWidgetsRGtk2’ ‘hyperdraw’ ‘hypergraph’ ‘playwith’ ‘pmg’ ‘rggobi’
     ‘SVGAnnotation’
Flavor: r-oldrel-osx-x86_64