CRAN Package Check Results for Package RISmed

Last updated on 2020-02-15 01:01:37 CET.

Flavor Version Tinstall Tcheck Ttotal Status Flags
r-devel-linux-x86_64-debian-clang 2.1.7 6.12 34.83 40.95 OK
r-devel-linux-x86_64-debian-gcc 2.1.7 5.24 27.90 33.14 OK
r-devel-linux-x86_64-fedora-clang 2.1.7 50.39 NOTE
r-devel-linux-x86_64-fedora-gcc 2.1.7 51.58 NOTE
r-devel-windows-ix86+x86_64 2.1.7 14.00 63.00 77.00 OK
r-devel-windows-ix86+x86_64-gcc8 2.1.7 20.00 81.00 101.00 OK
r-patched-linux-x86_64 2.1.7 4.94 31.83 36.77 OK
r-patched-solaris-x86 2.1.7 65.80 NOTE
r-release-linux-x86_64 2.1.7 5.04 32.14 37.18 OK
r-release-windows-ix86+x86_64 2.1.7 12.00 73.00 85.00 OK
r-release-osx-x86_64 2.1.7 ERROR
r-oldrel-windows-ix86+x86_64 2.1.7 10.00 48.00 58.00 ERROR
r-oldrel-osx-x86_64 2.1.7 NOTE

Check Details

Version: 2.1.7
Check: data for non-ASCII characters
Result: NOTE
     Note: found 12 marked UTF-8 strings
Flavors: r-devel-linux-x86_64-fedora-clang, r-devel-linux-x86_64-fedora-gcc, r-patched-solaris-x86, r-release-osx-x86_64, r-oldrel-osx-x86_64

Version: 2.1.7
Check: examples
Result: ERROR
    Running examples in ‘RISmed-Ex.R’ failed
    The error most likely occurred in:
    
    > ### Name: Cited
    > ### Title: Number of citations
    > ### Aliases: Cited
    >
    > ### ** Examples
    >
    > res <- EUtilsSummary("myeloma[ti]", mindate = "2002/01/01", maxdate = "2002/02/01", retmax = 5)
    > Cited(res)
    Warning in readLines(the_url) :
     cannot open URL 'https://eutils.ncbi.nlm.nih.gov/entrez/eutils/elink.fcgi?retmode=xml&dbfrom=pubmed&id=11818668&cmd=neighbor': HTTP status was '429 Unknown Error'
    Error in readLines(the_url) :
     cannot open the connection to 'https://eutils.ncbi.nlm.nih.gov/entrez/eutils/elink.fcgi?retmode=xml&dbfrom=pubmed&id=11818668&cmd=neighbor'
    Calls: Cited -> Cited -> sapply -> lapply -> FUN -> readLines
    Execution halted
Flavor: r-release-osx-x86_64

Version: 2.1.7
Check: examples
Result: ERROR
    Running examples in 'RISmed-Ex.R' failed
    The error most likely occurred in:
    
    > ### Name: Cited
    > ### Title: Number of citations
    > ### Aliases: Cited
    >
    > ### ** Examples
    >
    > res <- EUtilsSummary("myeloma[ti]", mindate = "2002/01/01", maxdate = "2002/02/01", retmax = 5)
    > Cited(res)
    Warning in readLines(the_url) :
     cannot open URL 'https://eutils.ncbi.nlm.nih.gov/entrez/eutils/elink.fcgi?retmode=xml&dbfrom=pubmed&id=11818668&cmd=neighbor': HTTP status was '429 Too Many Requests'
    Error in readLines(the_url) : cannot open the connection
    Calls: Cited -> Cited -> sapply -> lapply -> FUN -> readLines
    Execution halted
Flavor: r-oldrel-windows-ix86+x86_64