Last updated on 2020-02-15 01:01:38 CET.
Flavor | Version | Tinstall | Tcheck | Ttotal | Status | Flags |
---|---|---|---|---|---|---|
r-devel-linux-x86_64-debian-clang | 0.7.1 | 74.17 | 41.72 | 115.89 | OK | |
r-devel-linux-x86_64-debian-gcc | 0.7.1 | 53.30 | 34.16 | 87.46 | OK | |
r-devel-linux-x86_64-fedora-clang | 0.7.1 | 153.53 | NOTE | |||
r-devel-linux-x86_64-fedora-gcc | 0.7.1 | 153.38 | NOTE | |||
r-devel-windows-ix86+x86_64 | 0.7.1 | 121.00 | 79.00 | 200.00 | OK | |
r-devel-windows-ix86+x86_64-gcc8 | 0.7.1 | 175.00 | 95.00 | 270.00 | OK | |
r-patched-linux-x86_64 | 0.7.1 | 64.76 | 40.88 | 105.64 | OK | |
r-patched-solaris-x86 | 0.7.1 | 145.00 | NOTE | |||
r-release-linux-x86_64 | 0.7.1 | 65.48 | 40.56 | 106.04 | OK | |
r-release-windows-ix86+x86_64 | 0.7.1 | 106.00 | 67.00 | 173.00 | OK | |
r-release-osx-x86_64 | 0.7.1 | NOTE | ||||
r-oldrel-windows-ix86+x86_64 | 0.7.1 | 97.00 | 178.00 | 275.00 | OK | |
r-oldrel-osx-x86_64 | 0.7.1 | NOTE |
Version: 0.7.1
Check: installed package size
Result: NOTE
installed size is 16.7Mb
sub-directories of 1Mb or more:
libs 16.4Mb
Flavors: r-devel-linux-x86_64-fedora-clang, r-release-osx-x86_64, r-oldrel-osx-x86_64
Version: 0.7.1
Check: dependencies in R code
Result: NOTE
Namespaces in Imports field not imported from:
‘abind’ ‘foreach’
All declared Imports should be used.
Flavors: r-devel-linux-x86_64-fedora-clang, r-devel-linux-x86_64-fedora-gcc, r-patched-solaris-x86, r-release-osx-x86_64, r-oldrel-osx-x86_64