CRAN Package Check Results for Package RQGIS

Last updated on 2020-02-15 01:01:38 CET.

Flavor Version Tinstall Tcheck Ttotal Status Flags
r-devel-linux-x86_64-debian-clang 1.0.4 11.00 106.27 117.27 OK
r-devel-linux-x86_64-debian-gcc 1.0.4 10.71 80.82 91.53 OK
r-devel-linux-x86_64-fedora-clang 1.0.4 142.03 OK
r-devel-linux-x86_64-fedora-gcc 1.0.4 142.72 OK
r-devel-windows-ix86+x86_64 1.0.4 23.00 133.00 156.00 WARN
r-devel-windows-ix86+x86_64-gcc8 1.0.4 30.00 158.00 188.00 OK
r-patched-linux-x86_64 1.0.4 10.28 90.93 101.21 OK
r-patched-solaris-x86 1.0.4 191.60 OK
r-release-linux-x86_64 1.0.4 10.32 91.18 101.50 OK
r-release-windows-ix86+x86_64 1.0.4 20.00 101.00 121.00 OK
r-release-osx-x86_64 1.0.4 OK
r-oldrel-windows-ix86+x86_64 1.0.4 12.00 96.00 108.00 OK
r-oldrel-osx-x86_64 1.0.4 OK

Check Details

Version: 1.0.4
Check: re-building of vignette outputs
Result: WARN
    Error(s) in re-building vignettes:
    --- re-building 'install_guide.Rmd' using rmarkdown
    pandoc.exe: Could not fetch https://raw.githubusercontent.com/jannes-m/RQGIS/master/figures/00_express.PNG
    HttpExceptionRequest Request {
     host = "raw.githubusercontent.com"
     port = 443
     secure = True
     requestHeaders = []
     path = "/jannes-m/RQGIS/master/figures/00_express.PNG"
     queryString = ""
     method = "GET"
     proxy = Nothing
     rawBody = False
     redirectCount = 10
     responseTimeout = ResponseTimeoutDefault
     requestVersion = HTTP/1.1
    }
     (ConnectionFailure getAddrInfo: does not exist (error 11001))
    Error: processing vignette 'install_guide.Rmd' failed with diagnostics:
    pandoc document conversion failed with error 67
    --- failed re-building 'install_guide.Rmd'
    
    SUMMARY: processing the following file failed:
     'install_guide.Rmd'
    
    Error: Vignette re-building failed.
    Execution halted
Flavor: r-devel-windows-ix86+x86_64