CRAN Package Check Results for Package RcppAlgos

Last updated on 2020-02-15 01:01:37 CET.

Flavor Version Tinstall Tcheck Ttotal Status Flags
r-devel-linux-x86_64-debian-clang 2.3.6 330.48 79.41 409.89 OK
r-devel-linux-x86_64-debian-gcc 2.3.6 203.37 59.39 262.76 OK
r-devel-linux-x86_64-fedora-clang 2.3.6 578.03 NOTE
r-devel-linux-x86_64-fedora-gcc 2.3.6 521.44 OK
r-devel-windows-ix86+x86_64 2.3.6 598.00 173.00 771.00 NOTE
r-devel-windows-ix86+x86_64-gcc8 2.3.5 797.00 198.00 995.00 NOTE
r-patched-linux-x86_64 2.3.6 234.77 71.67 306.44 OK
r-patched-solaris-x86 2.3.6 453.10 OK
r-release-linux-x86_64 2.3.6 236.66 70.33 306.99 OK
r-release-windows-ix86+x86_64 2.3.6 589.00 163.00 752.00 NOTE
r-release-osx-x86_64 2.3.6 NOTE
r-oldrel-windows-ix86+x86_64 2.3.6 562.00 147.00 709.00 NOTE
r-oldrel-osx-x86_64 2.3.6 NOTE

Check Details

Version: 2.3.6
Check: installed package size
Result: NOTE
     installed size is 20.0Mb
     sub-directories of 1Mb or more:
     libs 19.0Mb
Flavors: r-devel-linux-x86_64-fedora-clang, r-devel-windows-ix86+x86_64, r-release-windows-ix86+x86_64, r-release-osx-x86_64, r-oldrel-windows-ix86+x86_64, r-oldrel-osx-x86_64

Version: 2.3.5
Check: installed package size
Result: NOTE
     installed size is 5.9Mb
     sub-directories of 1Mb or more:
     libs 4.9Mb
Flavor: r-devel-windows-ix86+x86_64-gcc8