Last updated on 2020-02-15 01:01:37 CET.
Flavor | Version | Tinstall | Tcheck | Ttotal | Status | Flags |
---|---|---|---|---|---|---|
r-devel-linux-x86_64-debian-clang | 0.9.12 | 92.23 | 26.73 | 118.96 | OK | |
r-devel-linux-x86_64-debian-gcc | 0.9.12 | 48.96 | 21.49 | 70.45 | OK | |
r-devel-linux-x86_64-fedora-clang | 0.9.12 | 164.79 | NOTE | |||
r-devel-linux-x86_64-fedora-gcc | 0.9.12 | 142.89 | OK | |||
r-devel-windows-ix86+x86_64 | 0.9.12 | 173.00 | 154.00 | 327.00 | OK | |
r-devel-windows-ix86+x86_64-gcc8 | 0.9.12 | 235.00 | 202.00 | 437.00 | OK | |
r-patched-linux-x86_64 | 0.9.12 | 55.48 | 24.73 | 80.21 | OK | |
r-patched-solaris-x86 | 0.9.12 | 188.20 | OK | |||
r-release-linux-x86_64 | 0.9.12 | 60.48 | 24.60 | 85.08 | OK | |
r-release-windows-ix86+x86_64 | 0.9.12 | 164.00 | 142.00 | 306.00 | OK | |
r-release-osx-x86_64 | 0.9.12 | WARN | ||||
r-oldrel-windows-ix86+x86_64 | 0.9.12 | 139.00 | 173.00 | 312.00 | OK | |
r-oldrel-osx-x86_64 | 0.9.12 | OK |
Version: 0.9.12
Check: installed package size
Result: NOTE
installed size is 7.0Mb
sub-directories of 1Mb or more:
lib 5.1Mb
libs 1.5Mb
Flavor: r-devel-linux-x86_64-fedora-clang
Version: 0.9.12
Check: whether package can be installed
Result: WARN
Found the following significant warnings:
WARNING: shared objects/dynamic libraries with hard-coded temporary installation paths
Flavor: r-release-osx-x86_64