Last updated on 2020-02-15 01:01:37 CET.
Flavor | Version | Tinstall | Tcheck | Ttotal | Status | Flags |
---|---|---|---|---|---|---|
r-devel-linux-x86_64-debian-clang | 7.1.4 | 20.36 | 49.17 | 69.53 | OK | |
r-devel-linux-x86_64-debian-gcc | 7.1.4 | 12.91 | 32.06 | 44.97 | OK | |
r-devel-linux-x86_64-fedora-clang | 7.1.4 | 84.46 | OK | |||
r-devel-linux-x86_64-fedora-gcc | 7.1.4 | 78.46 | OK | |||
r-devel-windows-ix86+x86_64 | 7.1.4 | 42.00 | 82.00 | 124.00 | OK | |
r-devel-windows-ix86+x86_64-gcc8 | 7.1.4 | 59.00 | 96.00 | 155.00 | ERROR | |
r-patched-linux-x86_64 | 7.1.4 | 15.79 | 38.92 | 54.71 | OK | |
r-patched-solaris-x86 | 7.1.4 | 78.10 | OK | |||
r-release-linux-x86_64 | 7.1.4 | 14.75 | 38.79 | 53.54 | OK | |
r-release-windows-ix86+x86_64 | 7.1.4 | 37.00 | 75.00 | 112.00 | OK | |
r-release-osx-x86_64 | 7.1.4 | OK | ||||
r-oldrel-windows-ix86+x86_64 | 7.1.4 | 38.00 | 119.00 | 157.00 | OK | |
r-oldrel-osx-x86_64 | 7.1.4 | OK |
Version: 7.1.4
Check: running tests for arch ‘x64’
Result: ERROR
Running 'testthat.R' [2s]
Running the tests in 'tests/testthat.R' failed.
Complete output:
> library(testthat)
> library(RcppXsimd)
>
> test_check("RcppXsimd")
Flavor: r-devel-windows-ix86+x86_64-gcc8