CRAN Package Check Results for Package RcppZiggurat

Last updated on 2020-02-15 01:01:37 CET.

Flavor Version Tinstall Tcheck Ttotal Status Flags
r-devel-linux-x86_64-debian-clang 0.1.5 22.15 38.55 60.70 OK
r-devel-linux-x86_64-debian-gcc 0.1.5 14.21 30.42 44.63 OK
r-devel-linux-x86_64-fedora-clang 0.1.5 78.07 NOTE
r-devel-linux-x86_64-fedora-gcc 0.1.5 76.24 NOTE
r-devel-windows-ix86+x86_64 0.1.5 48.00 87.00 135.00 OK
r-devel-windows-ix86+x86_64-gcc8 0.1.5 65.00 118.00 183.00 OK
r-patched-linux-x86_64 0.1.5 15.41 35.78 51.19 OK
r-patched-solaris-x86 0.1.5 94.90 OK
r-release-linux-x86_64 0.1.5 15.73 35.96 51.69 OK
r-release-windows-ix86+x86_64 0.1.5 44.00 85.00 129.00 OK
r-release-osx-x86_64 0.1.5 OK
r-oldrel-windows-ix86+x86_64 0.1.5 39.00 85.00 124.00 OK
r-oldrel-osx-x86_64 0.1.5 OK

Additional issues

LTO

Check Details

Version: 0.1.5
Check: top-level files
Result: NOTE
    ‘cleanup’: /bin/bash is not portable
Flavors: r-devel-linux-x86_64-fedora-clang, r-devel-linux-x86_64-fedora-gcc