CRAN Package Check Results for Package Rdimtools

Last updated on 2020-02-15 01:01:37 CET.

Flavor Version Tinstall Tcheck Ttotal Status Flags
r-devel-linux-x86_64-debian-clang 0.4.2 172.87 329.82 502.69 NOTE
r-devel-linux-x86_64-debian-gcc 0.4.2 124.64 246.19 370.83 NOTE
r-devel-linux-x86_64-fedora-clang 0.4.2 623.71 NOTE
r-devel-linux-x86_64-fedora-gcc 0.4.2 615.58 NOTE
r-devel-windows-ix86+x86_64 0.4.2 303.00 459.00 762.00 NOTE
r-devel-windows-ix86+x86_64-gcc8 0.4.2 430.00 575.00 1005.00 NOTE
r-patched-linux-x86_64 0.4.2 132.85 285.07 417.92 NOTE
r-patched-solaris-x86 0.4.2 695.30 NOTE
r-release-linux-x86_64 0.4.2 136.14 284.82 420.96 NOTE
r-release-windows-ix86+x86_64 0.4.2 277.00 418.00 695.00 NOTE
r-release-osx-x86_64 0.4.2 NOTE
r-oldrel-windows-ix86+x86_64 0.4.2 261.00 285.00 546.00 NOTE
r-oldrel-osx-x86_64 0.4.2 NOTE

Check Details

Version: 0.4.2
Check: R code for possible problems
Result: NOTE
    mve_single_cvxr: no visible global function definition for 'Semidef'
    Undefined global functions or variables:
     Semidef
Flavors: r-devel-linux-x86_64-debian-clang, r-devel-linux-x86_64-debian-gcc, r-devel-linux-x86_64-fedora-clang, r-devel-linux-x86_64-fedora-gcc, r-devel-windows-ix86+x86_64, r-patched-linux-x86_64, r-patched-solaris-x86, r-release-linux-x86_64, r-release-windows-ix86+x86_64, r-oldrel-windows-ix86+x86_64

Version: 0.4.2
Check: installed package size
Result: NOTE
     installed size is 14.7Mb
     sub-directories of 1Mb or more:
     libs 13.2Mb
Flavors: r-devel-linux-x86_64-fedora-clang, r-devel-windows-ix86+x86_64-gcc8, r-release-osx-x86_64, r-oldrel-osx-x86_64