Last updated on 2020-02-15 01:01:37 CET.
Flavor | Version | Tinstall | Tcheck | Ttotal | Status | Flags |
---|---|---|---|---|---|---|
r-devel-linux-x86_64-debian-clang | 1.0.0 | 96.64 | 114.35 | 210.99 | OK | |
r-devel-linux-x86_64-debian-gcc | 1.0.0 | 70.32 | 87.21 | 157.53 | OK | |
r-devel-linux-x86_64-fedora-clang | 1.0.0 | 290.59 | NOTE | |||
r-devel-linux-x86_64-fedora-gcc | 1.0.0 | 261.45 | NOTE | |||
r-devel-windows-ix86+x86_64 | 1.0.0 | 204.00 | 170.00 | 374.00 | OK | |
r-devel-windows-ix86+x86_64-gcc8 | 1.0.0 | 282.00 | 235.00 | 517.00 | OK | |
r-patched-linux-x86_64 | 1.0.0 | 77.41 | 99.43 | 176.84 | OK | |
r-patched-solaris-x86 | 1.0.0 | 289.00 | NOTE | |||
r-release-linux-x86_64 | 1.0.0 | 73.76 | 98.42 | 172.18 | OK | |
r-release-windows-ix86+x86_64 | 1.0.0 | 179.00 | 162.00 | 341.00 | OK | |
r-release-osx-x86_64 | 1.0.0 | NOTE | ||||
r-oldrel-windows-ix86+x86_64 | 1.0.0 | 166.00 | 158.00 | 324.00 | OK | |
r-oldrel-osx-x86_64 | 1.0.0 | NOTE |
Version: 1.0.0
Check: dependencies in R code
Result: NOTE
Namespace in Imports field not imported from: ‘markdown’
All declared Imports should be used.
Flavors: r-devel-linux-x86_64-fedora-clang, r-devel-linux-x86_64-fedora-gcc, r-patched-solaris-x86, r-release-osx-x86_64, r-oldrel-osx-x86_64