CRAN Package Check Results for Package RiemBase

Last updated on 2020-02-15 01:01:37 CET.

Flavor Version Tinstall Tcheck Ttotal Status Flags
r-devel-linux-x86_64-debian-clang 0.2.3 46.71 29.75 76.46 OK
r-devel-linux-x86_64-debian-gcc 0.2.3 31.83 23.49 55.32 OK
r-devel-linux-x86_64-fedora-clang 0.2.3 101.83 OK
r-devel-linux-x86_64-fedora-gcc 0.2.3 98.42 OK
r-devel-windows-ix86+x86_64 0.2.3 83.00 71.00 154.00 OK
r-devel-windows-ix86+x86_64-gcc8 0.2.3 118.00 95.00 213.00 OK
r-patched-linux-x86_64 0.2.3 37.70 27.18 64.88 OK
r-patched-solaris-x86 0.2.3 106.20 OK
r-release-linux-x86_64 0.2.3 32.89 27.18 60.07 OK
r-release-windows-ix86+x86_64 0.2.3 71.00 66.00 137.00 OK
r-release-osx-x86_64 0.2.3 NOTE
r-oldrel-windows-ix86+x86_64 0.2.3 79.00 94.00 173.00 OK
r-oldrel-osx-x86_64 0.2.3 OK

Check Details

Version: 0.2.3
Check: installed package size
Result: NOTE
     installed size is 5.1Mb
     sub-directories of 1Mb or more:
     libs 4.9Mb
Flavor: r-release-osx-x86_64