CRAN Package Check Results for Package RoughSets

Last updated on 2020-02-15 01:01:38 CET.

Flavor Version Tinstall Tcheck Ttotal Status Flags
r-devel-linux-x86_64-debian-clang 1.3-7 32.29 64.44 96.73 OK
r-devel-linux-x86_64-debian-gcc 1.3-7 23.20 48.71 71.91 OK
r-devel-linux-x86_64-fedora-clang 1.3-7 122.11 OK
r-devel-linux-x86_64-fedora-gcc 1.3-7 116.46 OK
r-devel-windows-ix86+x86_64 1.3-7 62.00 101.00 163.00 OK
r-devel-windows-ix86+x86_64-gcc8 1.3-7 86.00 140.00 226.00 OK
r-patched-linux-x86_64 1.3-7 24.84 57.78 82.62 NOTE
r-patched-solaris-x86 1.3-7 129.60 OK
r-release-linux-x86_64 1.3-7 24.61 58.32 82.93 NOTE
r-release-windows-ix86+x86_64 1.3-7 49.00 87.00 136.00 OK
r-release-osx-x86_64 1.3-7 OK
r-oldrel-windows-ix86+x86_64 1.3-7 49.00 120.00 169.00 OK
r-oldrel-osx-x86_64 1.3-7 OK

Check Details

Version: 1.3-7
Check: Rd line widths
Result: NOTE
    Rd file 'C.FRNN.FRST.Rd':
     \examples lines wider than 100 characters:
     type.relation = c("tolerance", "eq.1"), t.implicator = "lukasiewicz") ... [TRUNCATED]
    
    These lines will be truncated in the PDF manual.
Flavors: r-patched-linux-x86_64, r-release-linux-x86_64