CRAN Package Check Results for Package Rraven

Last updated on 2020-02-15 01:01:38 CET.

Flavor Version Tinstall Tcheck Ttotal Status Flags
r-devel-linux-x86_64-debian-clang 1.0.9 3.24 54.74 57.98 OK
r-devel-linux-x86_64-debian-gcc 1.0.9 3.45 43.65 47.10 OK
r-devel-linux-x86_64-fedora-clang 1.0.9 73.78 NOTE
r-devel-linux-x86_64-fedora-gcc 1.0.9 70.21 NOTE
r-devel-windows-ix86+x86_64 1.0.8 14.00 75.00 89.00 WARN
r-devel-windows-ix86+x86_64-gcc8 1.0.8 19.00 121.00 140.00 OK
r-patched-linux-x86_64 1.0.9 3.28 51.46 54.74 OK
r-patched-solaris-x86 1.0.9 67.20 NOTE
r-release-linux-x86_64 1.0.9 3.46 50.64 54.10 OK
r-release-windows-ix86+x86_64 1.0.8 11.00 77.00 88.00 OK
r-release-osx-x86_64 1.0.8 NOTE
r-oldrel-windows-ix86+x86_64 1.0.8 8.00 74.00 82.00 OK
r-oldrel-osx-x86_64 1.0.8 NOTE

Check Details

Version: 1.0.9
Check: dependencies in R code
Result: NOTE
    Namespace in Imports field not imported from: ‘NatureSounds’
     All declared Imports should be used.
Flavors: r-devel-linux-x86_64-fedora-clang, r-devel-linux-x86_64-fedora-gcc, r-patched-solaris-x86

Version: 1.0.8
Check: re-building of vignette outputs
Result: WARN
    Error(s) in re-building vignettes:
    --- re-building 'Rraven.Rmd' using rmarkdown
    Loading required package: tuneR
    Loading required package: seewave
    Loading required package: NatureSounds
    Loading required package: knitr
    
    NOTE: functions are being renamed (run 'print(new_function_names)' to see new names). Both old and new names are available in this version
     Please see citation('warbleR') for use in publication
    pandoc.exe: Could not fetch https://raw.githubusercontent.com/maRce10/Rraven/master/gifs/opt2_short_raven_correlator.gif
    HttpExceptionRequest Request {
     host = "raw.githubusercontent.com"
     port = 443
     secure = True
     requestHeaders = []
     path = "/maRce10/Rraven/master/gifs/opt2_short_raven_correlator.gif"
     queryString = ""
     method = "GET"
     proxy = Nothing
     rawBody = False
     redirectCount = 10
     responseTimeout = ResponseTimeoutDefault
     requestVersion = HTTP/1.1
    }
     (ConnectionFailure getAddrInfo: does not exist (error 11001))
    Error: processing vignette 'Rraven.Rmd' failed with diagnostics:
    pandoc document conversion failed with error 67
    --- failed re-building 'Rraven.Rmd'
    
    SUMMARY: processing the following file failed:
     'Rraven.Rmd'
    
    Error: Vignette re-building failed.
    Execution halted
Flavor: r-devel-windows-ix86+x86_64

Version: 1.0.8
Check: dependencies in R code
Result: NOTE
    Namespace in Imports field not imported from: ‘NatureSounds’
     All declared Imports should be used.
Flavors: r-release-osx-x86_64, r-oldrel-osx-x86_64