CRAN Package Check Results for Package Rvcg

Last updated on 2020-02-15 01:01:39 CET.

Flavor Version Tinstall Tcheck Ttotal Status Flags
r-devel-linux-x86_64-debian-clang 0.19.1 658.77 42.10 700.87 OK
r-devel-linux-x86_64-debian-gcc 0.19.1 488.25 37.29 525.54 OK
r-devel-linux-x86_64-fedora-clang 0.19.1 1007.09 NOTE
r-devel-linux-x86_64-fedora-gcc 0.19.1 1022.84 OK
r-devel-windows-ix86+x86_64 0.19.1 1229.00 120.00 1349.00 NOTE
r-devel-windows-ix86+x86_64-gcc8 0.18 1571.00 143.00 1714.00 WARN
r-patched-linux-x86_64 0.19.1 555.03 42.48 597.51 OK
r-patched-solaris-x86 0.19.1 801.10 OK
r-release-linux-x86_64 0.19.1 542.94 42.76 585.70 OK
r-release-windows-ix86+x86_64 0.19.1 848.00 99.00 947.00 NOTE
r-release-osx-x86_64 0.19.1 NOTE
r-oldrel-windows-ix86+x86_64 0.19.1 1503.00 125.00 1628.00 NOTE
r-oldrel-osx-x86_64 0.19.1 NOTE

Check Details

Version: 0.19.1
Check: installed package size
Result: NOTE
     installed size is 53.8Mb
     sub-directories of 1Mb or more:
     libs 53.1Mb
Flavors: r-devel-linux-x86_64-fedora-clang, r-devel-windows-ix86+x86_64, r-release-windows-ix86+x86_64, r-release-osx-x86_64, r-oldrel-windows-ix86+x86_64, r-oldrel-osx-x86_64

Version: 0.18
Check: whether package can be installed
Result: WARN
    Found the following significant warnings:
     vcglib/wrap/ply/plylib.cpp:3666:14: warning: passing argument 1 to restrict-qualified parameter aliases with argument 3 [-Wrestrict]
Flavor: r-devel-windows-ix86+x86_64-gcc8

Version: 0.18
Check: installed package size
Result: NOTE
     installed size is 5.8Mb
     sub-directories of 1Mb or more:
     libs 5.1Mb
Flavor: r-devel-windows-ix86+x86_64-gcc8

Version: 0.18
Check: line endings in C/C++/Fortran sources/headers
Result: NOTE
    Found the following sources/headers with CR or CRLF line endings:
     src/vcglib/wrap/nanoply/include/nanoplyWrapper.hpp
    Some Unix compilers require LF line endings.
Flavor: r-devel-windows-ix86+x86_64-gcc8