CRAN Package Check Results for Package Rwordseg

Last updated on 2020-02-15 01:01:39 CET.

Flavor Version Tinstall Tcheck Ttotal Status Flags
r-devel-linux-x86_64-debian-clang 0.3-2 3.63 31.04 34.67 OK
r-devel-linux-x86_64-debian-gcc 0.3-2 2.76 25.49 28.25 OK
r-devel-linux-x86_64-fedora-clang 0.3-2 43.27 NOTE
r-devel-linux-x86_64-fedora-gcc 0.3-2 41.89 NOTE
r-devel-windows-ix86+x86_64 0.3-2 7.00 45.00 52.00 OK
r-devel-windows-ix86+x86_64-gcc8 0.3-2 10.00 62.00 72.00 OK
r-patched-linux-x86_64 0.3-2 2.72 29.19 31.91 OK
r-patched-solaris-x86 0.3-2 60.50 NOTE
r-release-linux-x86_64 0.3-2 2.92 28.79 31.71 OK
r-release-windows-ix86+x86_64 0.3-2 6.00 42.00 48.00 OK
r-release-osx-x86_64 0.3-2 NOTE
r-oldrel-windows-ix86+x86_64 0.3-2 3.00 57.00 60.00 OK
r-oldrel-osx-x86_64 0.3-2 NOTE

Check Details

Version: 0.3-2
Check: data for non-ASCII characters
Result: NOTE
     Note: found 2016 marked UTF-8 strings
Flavors: r-devel-linux-x86_64-fedora-clang, r-devel-linux-x86_64-fedora-gcc, r-patched-solaris-x86, r-release-osx-x86_64, r-oldrel-osx-x86_64