CRAN Package Check Results for Package SAMCpack

Last updated on 2020-02-15 01:01:39 CET.

Flavor Version Tinstall Tcheck Ttotal Status Flags
r-devel-linux-x86_64-debian-clang 0.1.1 75.44 239.25 314.69 OK
r-devel-linux-x86_64-debian-gcc 0.1.1 54.11 153.98 208.09 OK
r-devel-linux-x86_64-fedora-clang 0.1.1 399.00 OK
r-devel-linux-x86_64-fedora-gcc 0.1.1 379.87 OK
r-devel-windows-ix86+x86_64 0.1.1 144.00 73.00 217.00 WARN
r-devel-windows-ix86+x86_64-gcc8 0.1.1 201.00 100.00 301.00 WARN
r-patched-linux-x86_64 0.1.1 63.90 202.15 266.05 OK
r-patched-solaris-x86 0.1.1 143.30 WARN
r-release-linux-x86_64 0.1.1 61.96 199.20 261.16 OK
r-release-windows-ix86+x86_64 0.1.1 128.00 69.00 197.00 WARN
r-release-osx-x86_64 0.1.1 OK
r-oldrel-windows-ix86+x86_64 0.1.1 132.00 63.00 195.00 WARN
r-oldrel-osx-x86_64 0.1.1 OK

Check Details

Version: 0.1.1
Check: re-building of vignette outputs
Result: WARN
    Error(s) in re-building vignettes:
    --- re-building 'R-versus-CPP.Rmd' using rmarkdown
    Quitting from lines 63-72 (R-versus-CPP.Rmd)
    Error: processing vignette 'R-versus-CPP.Rmd' failed with diagnostics:
    argument is of length zero
    --- failed re-building 'R-versus-CPP.Rmd'
    
    SUMMARY: processing the following file failed:
     'R-versus-CPP.Rmd'
    
    Error: Vignette re-building failed.
    Execution halted
Flavors: r-devel-windows-ix86+x86_64, r-devel-windows-ix86+x86_64-gcc8, r-release-windows-ix86+x86_64

Version: 0.1.1
Check: re-building of vignette outputs
Result: WARN
    Error(s) in re-building vignettes:
     ...
    --- re-building ‘R-versus-CPP.Rmd’ using rmarkdown
    Warning in engine$weave(file, quiet = quiet, encoding = enc) :
     Pandoc (>= 1.12.3) and/or pandoc-citeproc not available. Falling back to R Markdown v1.
    Quitting from lines 63-72 (R-versus-CPP.Rmd)
    Error: processing vignette 'R-versus-CPP.Rmd' failed with diagnostics:
    argument is of length zero
    --- failed re-building ‘R-versus-CPP.Rmd’
    
    SUMMARY: processing the following file failed:
     ‘R-versus-CPP.Rmd’
    
    Error: Vignette re-building failed.
    Execution halted
Flavor: r-patched-solaris-x86

Version: 0.1.1
Check: re-building of vignette outputs
Result: WARN
    Error in re-building vignettes:
     ...
    Quitting from lines 63-72 (R-versus-CPP.Rmd)
    Error: processing vignette 'R-versus-CPP.Rmd' failed with diagnostics:
    argument is of length zero
    Execution halted
Flavor: r-oldrel-windows-ix86+x86_64